{"id":96,"date":"2012-09-20T15:00:27","date_gmt":"2012-09-20T14:00:27","guid":{"rendered":"http:\/\/cluster015.ovh.net\/~avocatbo\/lesite\/?page_id=96"},"modified":"2012-09-20T15:00:27","modified_gmt":"2012-09-20T14:00:27","slug":"missions-avocat","status":"publish","type":"page","link":"https:\/\/www.avocat-bonnet.fr\/lyon-villeurbanne\/missions-avocat\/","title":{"rendered":"Les missions de l&rsquo;avocat"},"content":{"rendered":"<h5><\/h5>\n<h5><\/h5>\n<h5><a href=\"http:\/\/www.avocat-bonnet.fr\/lyon-villeurbanne\/wp-content\/uploads\/2012\/10\/portrait2-IMGP7634.jpg\"><img decoding=\"async\" class=\"alignleft size-thumbnail wp-image-229\" title=\"consultation d'avocat au cabinet de Lyon 7\" src=\"http:\/\/www.avocat-bonnet.fr\/lyon-villeurbanne\/wp-content\/uploads\/2012\/10\/portrait2-IMGP7634-150x150.jpg\" alt=\"maitre Bonnet dans son cabinet de Lyon-Gerland\" width=\"150\" height=\"150\" \/><\/a>CONSEILLER<\/h5>\n<p><strong>Avant de prendre certaines d\u00e9cisions importantes<\/strong>\u00a0(divorces, successions, adoptions, <a title=\"La rupture conventionnelle\" href=\"http:\/\/www.avocat-bonnet.fr\/lesite\/la-rupture-conventionnelle\/ \">droit du travail<\/a>, consommation,&#8230;), il peut \u00eatre judicieux de consulter un avocat pour d\u00e9cider en toute connaissance des cons\u00e9quences possibles de ses choix.<br \/>\nA certaines occasions de la vie juridique, peuvent se pr\u00e9senter des <strong>situations potentiellement litigieuses<\/strong> (<a title=\"le droit m\u00e9dical\" href=\"http:\/\/www.avocat-bonnet.fr\/lesite\/le-droit-medical\/\">droit m\u00e9dical<\/a>, rapports familiaux, rapports locatifs, droit du travail, consommation,&#8230;) ; afin d&rsquo;\u00e9viter un proc\u00e8s long et co\u00fbteux ou pour permettre d&rsquo;am\u00e9liorer \u00e0 son avantage les donn\u00e9es de la situation, la consultation pourra s&rsquo;av\u00e9rer profitable.<\/p>\n<p>&nbsp;<\/p>\n<h5>R\u00c9DIGER : L&rsquo;ACTE D&rsquo;AVOCAT<\/h5>\n<p><a href=\"http:\/\/www.avocat-bonnet.fr\/lyon-villeurbanne\/wp-content\/uploads\/2012\/09\/acte-davocat.jpg\"><img decoding=\"async\" class=\"alignright size-full wp-image-479\" title=\"acte_d'avocat\" src=\"http:\/\/www.avocat-bonnet.fr\/lyon-villeurbanne\/wp-content\/uploads\/2012\/09\/acte-davocat.jpg\" alt=\"\" width=\"145\" height=\"90\" \/><\/a>La loi a cr\u00e9\u00e9 en 2011 une cat\u00e9gorie nouvelle d&rsquo;acte juridique : l&rsquo;acte contresign\u00e9 par avocat.<br \/>\nCette innovation est destin\u00e9e \u00e0 permettre \u00e0 des particuliers ou \u00e0 des entreprises de conclure des accords entre elles avec <strong>une meilleure s\u00e9curit\u00e9 juridique<\/strong> que celle d&rsquo;un acte sous seing priv\u00e9 ordinaire, sans devoir recourir \u00e0 un acte notari\u00e9 (lequel reste obligatoire dans certaines situations, notamment lorsque des biens immobiliers sont en cause). Cette s\u00e9curit\u00e9 juridique est conf\u00e9r\u00e9e par les conseils du ou des avocats r\u00e9dacteurs, et par la garantie d&rsquo;efficacit\u00e9 de l&rsquo;acte que donne leur contreseing.<br \/>\nCette technique int\u00e9resse bien s\u00fbr le droit des affaires, mais aussi les particuliers dans certains aspects de leur vie juridique : mise en forme d&rsquo;accord de m\u00e9diation ou de transaction, bail d&rsquo;habitation, contrat de colocation, convention de PACS, vente ou donation de biens non immobiliers, contrat de pr\u00eat entre particuliers, cautionnement (+ de d\u00e9tails : <a href=\"http:\/\/www.actedavocats.fr\/\">http:\/\/www.actedavocats.fr\/<\/a>).<br \/>\nDepuis la r\u00e9forme du <a title=\"Le divorce par consentement mutuel (divorce &quot;amiable&quot;)\" href=\"http:\/\/www.avocat-bonnet.fr\/lesite\/le-divorce-par-consentement-mutuel\/\">divorce par consentement mutuel<\/a> \u00ab\u00a0sans juge\u00a0\u00bb, la convention de divorce prend la forme d&rsquo;un acte sous seing priv\u00e9 contresign\u00e9 par avocats.<\/p>\n<p>&nbsp;<\/p>\n<h5><strong><a href=\"http:\/\/www.avocat-bonnet.fr\/lyon-villeurbanne\/wp-content\/uploads\/2012\/09\/audience.jpg\"><img decoding=\"async\" class=\"size-thumbnail wp-image-562\" style=\"margin-right: 20px;\" title=\"audience au tribunal de Lyon\" src=\"http:\/\/www.avocat-bonnet.fr\/lyon-villeurbanne\/wp-content\/uploads\/2012\/09\/audience-150x150.jpg\" alt=\"maitre Bonnet rend ses conclusions au juge lors d'un audience du tribunal de Lyon\" width=\"150\" height=\"150\" \/><\/a><\/strong>PLAIDER<\/h5>\n<p>Ma\u00eetre Nicolas Bonnet est habilit\u00e9 \u00e0 plaider <strong>devant toutes les juridictions fran\u00e7aises :<\/strong><br \/>\n\u2013 civiles (cour d&rsquo;appel, <a title=\"le droit m\u00e9dical\" href=\"http:\/\/www.avocat-bonnet.fr\/lesite\/le-droit-medical\/\">tribunal\u00a0de grande instance<\/a>, juges aux affaires familiales,\u00a0<a title=\"la contestation du licenciement\" href=\"http:\/\/www.avocat-bonnet.fr\/lesite\/la-contestation-du-licenciement\/\">conseil de prud&rsquo;hommes<\/a>, tribunal d&rsquo;instance,&#8230;),<br \/>\n\u2013 p\u00e9nales (tribunal correctionnel, tribunal de police,&#8230;).<br \/>\nToutefois, en raison du monopole qu&rsquo;ont les avocats d&rsquo;un barreau pour plaider devant le tribunal de grande instance ou la cour d&rsquo;appel du lieu de leur barreau d&rsquo;appartenance, Ma\u00eetre Nicolas Bonnet devra recourir \u00e0 un avocat dit \u00ab\u00a0postulant\u00a0\u00bb pour suivre la proc\u00e9dure devant un autre tribunal de grande instance ou une autre cour d&rsquo;appel que ceux de Lyon.<\/p>\n<p>&nbsp;<\/p>\n<h5>POSTULER<\/h5>\n<p>Ma\u00eetre Nicolas Bonnet peut \u00eatre le postulant devant la cour d&rsquo;appel et le tribunal de grande instance de Lyon de tout avocat d&rsquo;un autre barreau.<\/p>\n<p>&nbsp;<\/p>\n","protected":false},"excerpt":{"rendered":"<p>CONSEILLER Avant de prendre certaines d\u00e9cisions importantes\u00a0(divorces, successions, adoptions, droit du travail, consommation,&#8230;), il peut \u00eatre judicieux de consulter un avocat pour d\u00e9cider en toute connaissance des cons\u00e9quences possibles de ses choix. A certaines occasions de la vie juridique, peuvent se pr\u00e9senter des situations potentiellement litigieuses (droit m\u00e9dical, rapports familiaux, rapports locatifs, droit du travail, [&hellip;]<\/p>\n","protected":false},"author":4,"featured_media":1562,"parent":0,"menu_order":5,"comment_status":"closed","ping_status":"open","template":"","meta":{"_et_pb_use_builder":"","_et_pb_old_content":"","_et_gb_content_width":"","footnotes":""},"yoast_head":"<!-- This site is optimized with the Yoast SEO plugin v22.3 - https:\/\/yoast.com\/wordpress\/plugins\/seo\/ -->\n<title>Les missions de l&#039;avocat - Nicolas Bonnet - Avocat Lyon et Villeurbanne, divorce, droit m\u00e9dical, travail, litiges de la consommation...<\/title>\n<meta name=\"description\" content=\"Les fonctions de l&#039;avocat : Plaider, conseiller, r\u00e9diger les actes, repr\u00e9senter, postuler, aider, en droit du travail, divorce, famille, Litiges, civil ou p\u00e9nal...\" \/>\n<meta name=\"robots\" content=\"index, follow, max-snippet:-1, max-image-preview:large, max-video-preview:-1\" \/>\n<link rel=\"canonical\" href=\"https:\/\/www.avocat-bonnet.fr\/lyon-villeurbanne\/missions-avocat\/\" \/>\n<meta property=\"og:locale\" content=\"fr_FR\" \/>\n<meta property=\"og:type\" content=\"article\" \/>\n<meta property=\"og:title\" content=\"Les missions de l&#039;avocat - Nicolas Bonnet - Avocat Lyon et Villeurbanne, divorce, droit m\u00e9dical, travail, litiges de la consommation...\" \/>\n<meta property=\"og:description\" content=\"Les fonctions de l&#039;avocat : Plaider, conseiller, r\u00e9diger les actes, repr\u00e9senter, postuler, aider, en droit du travail, divorce, famille, Litiges, civil ou p\u00e9nal...\" \/>\n<meta property=\"og:url\" content=\"https:\/\/www.avocat-bonnet.fr\/lyon-villeurbanne\/missions-avocat\/\" \/>\n<meta property=\"og:site_name\" content=\"Nicolas Bonnet - Avocat Lyon et Villeurbanne, divorce, droit m\u00e9dical, travail, litiges de la consommation...\" \/>\n<meta property=\"og:image\" content=\"https:\/\/www.avocat-bonnet.fr\/lyon-villeurbanne\/wp-content\/uploads\/2018\/06\/Defaut-image.jpg\" \/>\n\t<meta property=\"og:image:width\" content=\"300\" \/>\n\t<meta property=\"og:image:height\" content=\"200\" \/>\n\t<meta property=\"og:image:type\" content=\"image\/jpeg\" \/>\n<meta name=\"twitter:card\" content=\"summary_large_image\" \/>\n<meta name=\"twitter:label1\" content=\"Dur\u00e9e de lecture estim\u00e9e\" \/>\n\t<meta name=\"twitter:data1\" content=\"2 minutes\" \/>\n<script type=\"application\/ld+json\" class=\"yoast-schema-graph\">{\"@context\":\"https:\/\/schema.org\",\"@graph\":[{\"@type\":\"WebPage\",\"@id\":\"https:\/\/www.avocat-bonnet.fr\/lyon-villeurbanne\/missions-avocat\/\",\"url\":\"https:\/\/www.avocat-bonnet.fr\/lyon-villeurbanne\/missions-avocat\/\",\"name\":\"Les missions de l'avocat - Nicolas Bonnet - Avocat Lyon et Villeurbanne, divorce, droit m\u00e9dical, travail, litiges de la consommation...\",\"isPartOf\":{\"@id\":\"https:\/\/www.avocat-bonnet.fr\/lyon-villeurbanne\/#website\"},\"primaryImageOfPage\":{\"@id\":\"https:\/\/www.avocat-bonnet.fr\/lyon-villeurbanne\/missions-avocat\/#primaryimage\"},\"image\":{\"@id\":\"https:\/\/www.avocat-bonnet.fr\/lyon-villeurbanne\/missions-avocat\/#primaryimage\"},\"thumbnailUrl\":\"https:\/\/www.avocat-bonnet.fr\/lyon-villeurbanne\/wp-content\/uploads\/2018\/06\/Defaut-image.jpg\",\"datePublished\":\"2012-09-20T14:00:27+00:00\",\"dateModified\":\"2012-09-20T14:00:27+00:00\",\"description\":\"Les fonctions de l'avocat : Plaider, conseiller, r\u00e9diger les actes, repr\u00e9senter, postuler, aider, en droit du travail, divorce, famille, Litiges, civil ou p\u00e9nal...\",\"breadcrumb\":{\"@id\":\"https:\/\/www.avocat-bonnet.fr\/lyon-villeurbanne\/missions-avocat\/#breadcrumb\"},\"inLanguage\":\"fr-FR\",\"potentialAction\":[{\"@type\":\"ReadAction\",\"target\":[\"https:\/\/www.avocat-bonnet.fr\/lyon-villeurbanne\/missions-avocat\/\"]}]},{\"@type\":\"ImageObject\",\"inLanguage\":\"fr-FR\",\"@id\":\"https:\/\/www.avocat-bonnet.fr\/lyon-villeurbanne\/missions-avocat\/#primaryimage\",\"url\":\"https:\/\/www.avocat-bonnet.fr\/lyon-villeurbanne\/wp-content\/uploads\/2018\/06\/Defaut-image.jpg\",\"contentUrl\":\"https:\/\/www.avocat-bonnet.fr\/lyon-villeurbanne\/wp-content\/uploads\/2018\/06\/Defaut-image.jpg\",\"width\":300,\"height\":200},{\"@type\":\"BreadcrumbList\",\"@id\":\"https:\/\/www.avocat-bonnet.fr\/lyon-villeurbanne\/missions-avocat\/#breadcrumb\",\"itemListElement\":[{\"@type\":\"ListItem\",\"position\":1,\"name\":\"Accueil\",\"item\":\"https:\/\/www.avocat-bonnet.fr\/lyon-villeurbanne\/\"},{\"@type\":\"ListItem\",\"position\":2,\"name\":\"Les missions de l&rsquo;avocat\"}]},{\"@type\":\"WebSite\",\"@id\":\"https:\/\/www.avocat-bonnet.fr\/lyon-villeurbanne\/#website\",\"url\":\"https:\/\/www.avocat-bonnet.fr\/lyon-villeurbanne\/\",\"name\":\"Nicolas Bonnet - Avocat Lyon et Villeurbanne, divorce, droit m\u00e9dical, travail, litiges de la consommation...\",\"description\":\"Un cabinet d&#039;avocat d\u00e9di\u00e9 au droit des particuliers, commer\u00e7ants et petites entreprises...\",\"publisher\":{\"@id\":\"https:\/\/www.avocat-bonnet.fr\/lyon-villeurbanne\/#\/schema\/person\/53ccc962871a33e31889adc918b8794d\"},\"potentialAction\":[{\"@type\":\"SearchAction\",\"target\":{\"@type\":\"EntryPoint\",\"urlTemplate\":\"https:\/\/www.avocat-bonnet.fr\/lyon-villeurbanne\/?s={search_term_string}\"},\"query-input\":\"required name=search_term_string\"}],\"inLanguage\":\"fr-FR\"},{\"@type\":[\"Person\",\"Organization\"],\"@id\":\"https:\/\/www.avocat-bonnet.fr\/lyon-villeurbanne\/#\/schema\/person\/53ccc962871a33e31889adc918b8794d\",\"name\":\"Nicolas Bonnet\",\"logo\":{\"@id\":\"https:\/\/www.avocat-bonnet.fr\/lyon-villeurbanne\/#\/schema\/person\/image\/\"}}]}<\/script>\n<!-- \/ Yoast SEO plugin. -->","yoast_head_json":{"title":"Les missions de l'avocat - Nicolas Bonnet - Avocat Lyon et Villeurbanne, divorce, droit m\u00e9dical, travail, litiges de la consommation...","description":"Les fonctions de l'avocat : Plaider, conseiller, r\u00e9diger les actes, repr\u00e9senter, postuler, aider, en droit du travail, divorce, famille, Litiges, civil ou p\u00e9nal...","robots":{"index":"index","follow":"follow","max-snippet":"max-snippet:-1","max-image-preview":"max-image-preview:large","max-video-preview":"max-video-preview:-1"},"canonical":"https:\/\/www.avocat-bonnet.fr\/lyon-villeurbanne\/missions-avocat\/","og_locale":"fr_FR","og_type":"article","og_title":"Les missions de l'avocat - Nicolas Bonnet - Avocat Lyon et Villeurbanne, divorce, droit m\u00e9dical, travail, litiges de la consommation...","og_description":"Les fonctions de l'avocat : Plaider, conseiller, r\u00e9diger les actes, repr\u00e9senter, postuler, aider, en droit du travail, divorce, famille, Litiges, civil ou p\u00e9nal...","og_url":"https:\/\/www.avocat-bonnet.fr\/lyon-villeurbanne\/missions-avocat\/","og_site_name":"Nicolas Bonnet - Avocat Lyon et Villeurbanne, divorce, droit m\u00e9dical, travail, litiges de la consommation...","og_image":[{"width":300,"height":200,"url":"https:\/\/www.avocat-bonnet.fr\/lyon-villeurbanne\/wp-content\/uploads\/2018\/06\/Defaut-image.jpg","type":"image\/jpeg"}],"twitter_card":"summary_large_image","twitter_misc":{"Dur\u00e9e de lecture estim\u00e9e":"2 minutes"},"schema":{"@context":"https:\/\/schema.org","@graph":[{"@type":"WebPage","@id":"https:\/\/www.avocat-bonnet.fr\/lyon-villeurbanne\/missions-avocat\/","url":"https:\/\/www.avocat-bonnet.fr\/lyon-villeurbanne\/missions-avocat\/","name":"Les missions de l'avocat - Nicolas Bonnet - Avocat Lyon et Villeurbanne, divorce, droit m\u00e9dical, travail, litiges de la consommation...","isPartOf":{"@id":"https:\/\/www.avocat-bonnet.fr\/lyon-villeurbanne\/#website"},"primaryImageOfPage":{"@id":"https:\/\/www.avocat-bonnet.fr\/lyon-villeurbanne\/missions-avocat\/#primaryimage"},"image":{"@id":"https:\/\/www.avocat-bonnet.fr\/lyon-villeurbanne\/missions-avocat\/#primaryimage"},"thumbnailUrl":"https:\/\/www.avocat-bonnet.fr\/lyon-villeurbanne\/wp-content\/uploads\/2018\/06\/Defaut-image.jpg","datePublished":"2012-09-20T14:00:27+00:00","dateModified":"2012-09-20T14:00:27+00:00","description":"Les fonctions de l'avocat : Plaider, conseiller, r\u00e9diger les actes, repr\u00e9senter, postuler, aider, en droit du travail, divorce, famille, Litiges, civil ou p\u00e9nal...","breadcrumb":{"@id":"https:\/\/www.avocat-bonnet.fr\/lyon-villeurbanne\/missions-avocat\/#breadcrumb"},"inLanguage":"fr-FR","potentialAction":[{"@type":"ReadAction","target":["https:\/\/www.avocat-bonnet.fr\/lyon-villeurbanne\/missions-avocat\/"]}]},{"@type":"ImageObject","inLanguage":"fr-FR","@id":"https:\/\/www.avocat-bonnet.fr\/lyon-villeurbanne\/missions-avocat\/#primaryimage","url":"https:\/\/www.avocat-bonnet.fr\/lyon-villeurbanne\/wp-content\/uploads\/2018\/06\/Defaut-image.jpg","contentUrl":"https:\/\/www.avocat-bonnet.fr\/lyon-villeurbanne\/wp-content\/uploads\/2018\/06\/Defaut-image.jpg","width":300,"height":200},{"@type":"BreadcrumbList","@id":"https:\/\/www.avocat-bonnet.fr\/lyon-villeurbanne\/missions-avocat\/#breadcrumb","itemListElement":[{"@type":"ListItem","position":1,"name":"Accueil","item":"https:\/\/www.avocat-bonnet.fr\/lyon-villeurbanne\/"},{"@type":"ListItem","position":2,"name":"Les missions de l&rsquo;avocat"}]},{"@type":"WebSite","@id":"https:\/\/www.avocat-bonnet.fr\/lyon-villeurbanne\/#website","url":"https:\/\/www.avocat-bonnet.fr\/lyon-villeurbanne\/","name":"Nicolas Bonnet - Avocat Lyon et Villeurbanne, divorce, droit m\u00e9dical, travail, litiges de la consommation...","description":"Un cabinet d&#039;avocat d\u00e9di\u00e9 au droit des particuliers, commer\u00e7ants et petites entreprises...","publisher":{"@id":"https:\/\/www.avocat-bonnet.fr\/lyon-villeurbanne\/#\/schema\/person\/53ccc962871a33e31889adc918b8794d"},"potentialAction":[{"@type":"SearchAction","target":{"@type":"EntryPoint","urlTemplate":"https:\/\/www.avocat-bonnet.fr\/lyon-villeurbanne\/?s={search_term_string}"},"query-input":"required name=search_term_string"}],"inLanguage":"fr-FR"},{"@type":["Person","Organization"],"@id":"https:\/\/www.avocat-bonnet.fr\/lyon-villeurbanne\/#\/schema\/person\/53ccc962871a33e31889adc918b8794d","name":"Nicolas Bonnet","logo":{"@id":"https:\/\/www.avocat-bonnet.fr\/lyon-villeurbanne\/#\/schema\/person\/image\/"}}]}},"_links":{"self":[{"href":"https:\/\/www.avocat-bonnet.fr\/lyon-villeurbanne\/wp-json\/wp\/v2\/pages\/96"}],"collection":[{"href":"https:\/\/www.avocat-bonnet.fr\/lyon-villeurbanne\/wp-json\/wp\/v2\/pages"}],"about":[{"href":"https:\/\/www.avocat-bonnet.fr\/lyon-villeurbanne\/wp-json\/wp\/v2\/types\/page"}],"author":[{"embeddable":true,"href":"https:\/\/www.avocat-bonnet.fr\/lyon-villeurbanne\/wp-json\/wp\/v2\/users\/4"}],"replies":[{"embeddable":true,"href":"https:\/\/www.avocat-bonnet.fr\/lyon-villeurbanne\/wp-json\/wp\/v2\/comments?post=96"}],"version-history":[{"count":0,"href":"https:\/\/www.avocat-bonnet.fr\/lyon-villeurbanne\/wp-json\/wp\/v2\/pages\/96\/revisions"}],"wp:featuredmedia":[{"embeddable":true,"href":"https:\/\/www.avocat-bonnet.fr\/lyon-villeurbanne\/wp-json\/wp\/v2\/media\/1562"}],"wp:attachment":[{"href":"https:\/\/www.avocat-bonnet.fr\/lyon-villeurbanne\/wp-json\/wp\/v2\/media?parent=96"}],"curies":[{"name":"wp","href":"https:\/\/api.w.org\/{rel}","templated":true}]}}