{"id":504,"date":"2012-11-14T21:12:52","date_gmt":"2012-11-14T20:12:52","guid":{"rendered":"http:\/\/www.avocat-bonnet.fr\/lesite\/?page_id=504"},"modified":"2012-11-14T21:12:52","modified_gmt":"2012-11-14T20:12:52","slug":"les-affaires-immobilieres","status":"publish","type":"page","link":"https:\/\/www.avocat-bonnet.fr\/lyon-villeurbanne\/les-affaires-immobilieres\/","title":{"rendered":"Les affaires immobili\u00e8res"},"content":{"rendered":"<h3>Les loyers<\/h3>\n<p>Les baux d&rsquo;habitation sont r\u00e9gis par la loi n\u00b0 89-462 du 6 juillet 1989.<br \/>\nLa comp\u00e9tence de principe pour conna\u00eetre des litiges en mati\u00e8re de loyers est celle du tribunal d&rsquo;instance du lieu de situation du bien lou\u00e9. Toutefois, la demande de restitution du d\u00e9p\u00f4t de garantie en fin de bail doit \u00eatre faite devant la juridiction de proximit\u00e9 du lieu de situation du bien lou\u00e9.<br \/>\nDevant ces deux juridictions, la repr\u00e9sentation par avocat n&rsquo;est pas obligatoire, mais conseill\u00e9e.<br \/>\nLa proc\u00e9dure est orale, mais est soumise au principe du contradictoire ; \u00e0 Lyon comme \u00e0 Villeurbanne, il faut compter environ 9 mois pour obtenir un jugement.<br \/>\nLa voie de recours contre les jugements du tribunal d&rsquo;instance est l&rsquo;est l&rsquo;appel, qui doit \u00eatre exerc\u00e9 au plus tard dans le mois de la signification du jugement par huissier ; le recours en cassation peut ensuite \u00eatre envisag\u00e9.<\/p>\n<p>&nbsp;<\/p>\n<h3>La copropri\u00e9t\u00e9<\/h3>\n<p>Le contentieux rel\u00e8ve essentiellement du tribunal de grande instance.<br \/>\nDevant le tribunal de grande instance, la repr\u00e9sentation par avocat est obligatoire.<br \/>\nLa proc\u00e9dure au fond, apr\u00e8s des \u00e9changes de conclusions \u00e9crites entre avocats, au bout d\u2019environ 18 mois \u00e0 Lyon, donne lieu \u00e0 un jugement.<br \/>\nChacune des parties dispose d\u2019un droit d\u2019appel, puis du pourvoi en cassation.<\/p>\n","protected":false},"excerpt":{"rendered":"<p>Les loyers Les baux d&rsquo;habitation sont r\u00e9gis par la loi n\u00b0 89-462 du 6 juillet 1989. La comp\u00e9tence de principe pour conna\u00eetre des litiges en mati\u00e8re de loyers est celle du tribunal d&rsquo;instance du lieu de situation du bien lou\u00e9. Toutefois, la demande de restitution du d\u00e9p\u00f4t de garantie en fin de bail doit \u00eatre [&hellip;]<\/p>\n","protected":false},"author":4,"featured_media":1562,"parent":0,"menu_order":1,"comment_status":"closed","ping_status":"open","template":"","meta":{"_et_pb_use_builder":"","_et_pb_old_content":"","_et_gb_content_width":"","footnotes":""},"yoast_head":"<!-- This site is optimized with the Yoast SEO plugin v22.3 - https:\/\/yoast.com\/wordpress\/plugins\/seo\/ -->\n<title>Les affaires immobili\u00e8res - Nicolas Bonnet - Avocat Lyon et Villeurbanne, divorce, droit m\u00e9dical, travail, litiges de la consommation...<\/title>\n<meta name=\"robots\" content=\"index, follow, max-snippet:-1, max-image-preview:large, max-video-preview:-1\" \/>\n<link rel=\"canonical\" href=\"https:\/\/www.avocat-bonnet.fr\/lyon-villeurbanne\/les-affaires-immobilieres\/\" \/>\n<meta property=\"og:locale\" content=\"fr_FR\" \/>\n<meta property=\"og:type\" content=\"article\" \/>\n<meta property=\"og:title\" content=\"Les affaires immobili\u00e8res - Nicolas Bonnet - Avocat Lyon et Villeurbanne, divorce, droit m\u00e9dical, travail, litiges de la consommation...\" \/>\n<meta property=\"og:description\" content=\"Les loyers Les baux d&rsquo;habitation sont r\u00e9gis par la loi n\u00b0 89-462 du 6 juillet 1989. La comp\u00e9tence de principe pour conna\u00eetre des litiges en mati\u00e8re de loyers est celle du tribunal d&rsquo;instance du lieu de situation du bien lou\u00e9. Toutefois, la demande de restitution du d\u00e9p\u00f4t de garantie en fin de bail doit \u00eatre [&hellip;]\" \/>\n<meta property=\"og:url\" content=\"https:\/\/www.avocat-bonnet.fr\/lyon-villeurbanne\/les-affaires-immobilieres\/\" \/>\n<meta property=\"og:site_name\" content=\"Nicolas Bonnet - Avocat Lyon et Villeurbanne, divorce, droit m\u00e9dical, travail, litiges de la consommation...\" \/>\n<meta property=\"og:image\" content=\"https:\/\/www.avocat-bonnet.fr\/lyon-villeurbanne\/wp-content\/uploads\/2018\/06\/Defaut-image.jpg\" \/>\n\t<meta property=\"og:image:width\" content=\"300\" \/>\n\t<meta property=\"og:image:height\" content=\"200\" \/>\n\t<meta property=\"og:image:type\" content=\"image\/jpeg\" \/>\n<meta name=\"twitter:card\" content=\"summary_large_image\" \/>\n<meta name=\"twitter:label1\" content=\"Dur\u00e9e de lecture estim\u00e9e\" \/>\n\t<meta name=\"twitter:data1\" content=\"1 minute\" \/>\n<script type=\"application\/ld+json\" class=\"yoast-schema-graph\">{\"@context\":\"https:\/\/schema.org\",\"@graph\":[{\"@type\":\"WebPage\",\"@id\":\"https:\/\/www.avocat-bonnet.fr\/lyon-villeurbanne\/les-affaires-immobilieres\/\",\"url\":\"https:\/\/www.avocat-bonnet.fr\/lyon-villeurbanne\/les-affaires-immobilieres\/\",\"name\":\"Les affaires immobili\u00e8res - Nicolas Bonnet - Avocat Lyon et Villeurbanne, divorce, droit m\u00e9dical, travail, litiges de la consommation...\",\"isPartOf\":{\"@id\":\"https:\/\/www.avocat-bonnet.fr\/lyon-villeurbanne\/#website\"},\"primaryImageOfPage\":{\"@id\":\"https:\/\/www.avocat-bonnet.fr\/lyon-villeurbanne\/les-affaires-immobilieres\/#primaryimage\"},\"image\":{\"@id\":\"https:\/\/www.avocat-bonnet.fr\/lyon-villeurbanne\/les-affaires-immobilieres\/#primaryimage\"},\"thumbnailUrl\":\"https:\/\/www.avocat-bonnet.fr\/lyon-villeurbanne\/wp-content\/uploads\/2018\/06\/Defaut-image.jpg\",\"datePublished\":\"2012-11-14T20:12:52+00:00\",\"dateModified\":\"2012-11-14T20:12:52+00:00\",\"breadcrumb\":{\"@id\":\"https:\/\/www.avocat-bonnet.fr\/lyon-villeurbanne\/les-affaires-immobilieres\/#breadcrumb\"},\"inLanguage\":\"fr-FR\",\"potentialAction\":[{\"@type\":\"ReadAction\",\"target\":[\"https:\/\/www.avocat-bonnet.fr\/lyon-villeurbanne\/les-affaires-immobilieres\/\"]}]},{\"@type\":\"ImageObject\",\"inLanguage\":\"fr-FR\",\"@id\":\"https:\/\/www.avocat-bonnet.fr\/lyon-villeurbanne\/les-affaires-immobilieres\/#primaryimage\",\"url\":\"https:\/\/www.avocat-bonnet.fr\/lyon-villeurbanne\/wp-content\/uploads\/2018\/06\/Defaut-image.jpg\",\"contentUrl\":\"https:\/\/www.avocat-bonnet.fr\/lyon-villeurbanne\/wp-content\/uploads\/2018\/06\/Defaut-image.jpg\",\"width\":300,\"height\":200},{\"@type\":\"BreadcrumbList\",\"@id\":\"https:\/\/www.avocat-bonnet.fr\/lyon-villeurbanne\/les-affaires-immobilieres\/#breadcrumb\",\"itemListElement\":[{\"@type\":\"ListItem\",\"position\":1,\"name\":\"Accueil\",\"item\":\"https:\/\/www.avocat-bonnet.fr\/lyon-villeurbanne\/\"},{\"@type\":\"ListItem\",\"position\":2,\"name\":\"Les affaires immobili\u00e8res\"}]},{\"@type\":\"WebSite\",\"@id\":\"https:\/\/www.avocat-bonnet.fr\/lyon-villeurbanne\/#website\",\"url\":\"https:\/\/www.avocat-bonnet.fr\/lyon-villeurbanne\/\",\"name\":\"Nicolas Bonnet - Avocat Lyon et Villeurbanne, divorce, droit m\u00e9dical, travail, litiges de la consommation...\",\"description\":\"Un cabinet d&#039;avocat d\u00e9di\u00e9 au droit des particuliers, commer\u00e7ants et petites entreprises...\",\"publisher\":{\"@id\":\"https:\/\/www.avocat-bonnet.fr\/lyon-villeurbanne\/#\/schema\/person\/53ccc962871a33e31889adc918b8794d\"},\"potentialAction\":[{\"@type\":\"SearchAction\",\"target\":{\"@type\":\"EntryPoint\",\"urlTemplate\":\"https:\/\/www.avocat-bonnet.fr\/lyon-villeurbanne\/?s={search_term_string}\"},\"query-input\":\"required name=search_term_string\"}],\"inLanguage\":\"fr-FR\"},{\"@type\":[\"Person\",\"Organization\"],\"@id\":\"https:\/\/www.avocat-bonnet.fr\/lyon-villeurbanne\/#\/schema\/person\/53ccc962871a33e31889adc918b8794d\",\"name\":\"Nicolas Bonnet\",\"logo\":{\"@id\":\"https:\/\/www.avocat-bonnet.fr\/lyon-villeurbanne\/#\/schema\/person\/image\/\"}}]}<\/script>\n<!-- \/ Yoast SEO plugin. -->","yoast_head_json":{"title":"Les affaires immobili\u00e8res - Nicolas Bonnet - Avocat Lyon et Villeurbanne, divorce, droit m\u00e9dical, travail, litiges de la consommation...","robots":{"index":"index","follow":"follow","max-snippet":"max-snippet:-1","max-image-preview":"max-image-preview:large","max-video-preview":"max-video-preview:-1"},"canonical":"https:\/\/www.avocat-bonnet.fr\/lyon-villeurbanne\/les-affaires-immobilieres\/","og_locale":"fr_FR","og_type":"article","og_title":"Les affaires immobili\u00e8res - Nicolas Bonnet - Avocat Lyon et Villeurbanne, divorce, droit m\u00e9dical, travail, litiges de la consommation...","og_description":"Les loyers Les baux d&rsquo;habitation sont r\u00e9gis par la loi n\u00b0 89-462 du 6 juillet 1989. La comp\u00e9tence de principe pour conna\u00eetre des litiges en mati\u00e8re de loyers est celle du tribunal d&rsquo;instance du lieu de situation du bien lou\u00e9. Toutefois, la demande de restitution du d\u00e9p\u00f4t de garantie en fin de bail doit \u00eatre [&hellip;]","og_url":"https:\/\/www.avocat-bonnet.fr\/lyon-villeurbanne\/les-affaires-immobilieres\/","og_site_name":"Nicolas Bonnet - Avocat Lyon et Villeurbanne, divorce, droit m\u00e9dical, travail, litiges de la consommation...","og_image":[{"width":300,"height":200,"url":"https:\/\/www.avocat-bonnet.fr\/lyon-villeurbanne\/wp-content\/uploads\/2018\/06\/Defaut-image.jpg","type":"image\/jpeg"}],"twitter_card":"summary_large_image","twitter_misc":{"Dur\u00e9e de lecture estim\u00e9e":"1 minute"},"schema":{"@context":"https:\/\/schema.org","@graph":[{"@type":"WebPage","@id":"https:\/\/www.avocat-bonnet.fr\/lyon-villeurbanne\/les-affaires-immobilieres\/","url":"https:\/\/www.avocat-bonnet.fr\/lyon-villeurbanne\/les-affaires-immobilieres\/","name":"Les affaires immobili\u00e8res - Nicolas Bonnet - Avocat Lyon et Villeurbanne, divorce, droit m\u00e9dical, travail, litiges de la consommation...","isPartOf":{"@id":"https:\/\/www.avocat-bonnet.fr\/lyon-villeurbanne\/#website"},"primaryImageOfPage":{"@id":"https:\/\/www.avocat-bonnet.fr\/lyon-villeurbanne\/les-affaires-immobilieres\/#primaryimage"},"image":{"@id":"https:\/\/www.avocat-bonnet.fr\/lyon-villeurbanne\/les-affaires-immobilieres\/#primaryimage"},"thumbnailUrl":"https:\/\/www.avocat-bonnet.fr\/lyon-villeurbanne\/wp-content\/uploads\/2018\/06\/Defaut-image.jpg","datePublished":"2012-11-14T20:12:52+00:00","dateModified":"2012-11-14T20:12:52+00:00","breadcrumb":{"@id":"https:\/\/www.avocat-bonnet.fr\/lyon-villeurbanne\/les-affaires-immobilieres\/#breadcrumb"},"inLanguage":"fr-FR","potentialAction":[{"@type":"ReadAction","target":["https:\/\/www.avocat-bonnet.fr\/lyon-villeurbanne\/les-affaires-immobilieres\/"]}]},{"@type":"ImageObject","inLanguage":"fr-FR","@id":"https:\/\/www.avocat-bonnet.fr\/lyon-villeurbanne\/les-affaires-immobilieres\/#primaryimage","url":"https:\/\/www.avocat-bonnet.fr\/lyon-villeurbanne\/wp-content\/uploads\/2018\/06\/Defaut-image.jpg","contentUrl":"https:\/\/www.avocat-bonnet.fr\/lyon-villeurbanne\/wp-content\/uploads\/2018\/06\/Defaut-image.jpg","width":300,"height":200},{"@type":"BreadcrumbList","@id":"https:\/\/www.avocat-bonnet.fr\/lyon-villeurbanne\/les-affaires-immobilieres\/#breadcrumb","itemListElement":[{"@type":"ListItem","position":1,"name":"Accueil","item":"https:\/\/www.avocat-bonnet.fr\/lyon-villeurbanne\/"},{"@type":"ListItem","position":2,"name":"Les affaires immobili\u00e8res"}]},{"@type":"WebSite","@id":"https:\/\/www.avocat-bonnet.fr\/lyon-villeurbanne\/#website","url":"https:\/\/www.avocat-bonnet.fr\/lyon-villeurbanne\/","name":"Nicolas Bonnet - Avocat Lyon et Villeurbanne, divorce, droit m\u00e9dical, travail, litiges de la consommation...","description":"Un cabinet d&#039;avocat d\u00e9di\u00e9 au droit des particuliers, commer\u00e7ants et petites entreprises...","publisher":{"@id":"https:\/\/www.avocat-bonnet.fr\/lyon-villeurbanne\/#\/schema\/person\/53ccc962871a33e31889adc918b8794d"},"potentialAction":[{"@type":"SearchAction","target":{"@type":"EntryPoint","urlTemplate":"https:\/\/www.avocat-bonnet.fr\/lyon-villeurbanne\/?s={search_term_string}"},"query-input":"required name=search_term_string"}],"inLanguage":"fr-FR"},{"@type":["Person","Organization"],"@id":"https:\/\/www.avocat-bonnet.fr\/lyon-villeurbanne\/#\/schema\/person\/53ccc962871a33e31889adc918b8794d","name":"Nicolas Bonnet","logo":{"@id":"https:\/\/www.avocat-bonnet.fr\/lyon-villeurbanne\/#\/schema\/person\/image\/"}}]}},"_links":{"self":[{"href":"https:\/\/www.avocat-bonnet.fr\/lyon-villeurbanne\/wp-json\/wp\/v2\/pages\/504"}],"collection":[{"href":"https:\/\/www.avocat-bonnet.fr\/lyon-villeurbanne\/wp-json\/wp\/v2\/pages"}],"about":[{"href":"https:\/\/www.avocat-bonnet.fr\/lyon-villeurbanne\/wp-json\/wp\/v2\/types\/page"}],"author":[{"embeddable":true,"href":"https:\/\/www.avocat-bonnet.fr\/lyon-villeurbanne\/wp-json\/wp\/v2\/users\/4"}],"replies":[{"embeddable":true,"href":"https:\/\/www.avocat-bonnet.fr\/lyon-villeurbanne\/wp-json\/wp\/v2\/comments?post=504"}],"version-history":[{"count":0,"href":"https:\/\/www.avocat-bonnet.fr\/lyon-villeurbanne\/wp-json\/wp\/v2\/pages\/504\/revisions"}],"wp:featuredmedia":[{"embeddable":true,"href":"https:\/\/www.avocat-bonnet.fr\/lyon-villeurbanne\/wp-json\/wp\/v2\/media\/1562"}],"wp:attachment":[{"href":"https:\/\/www.avocat-bonnet.fr\/lyon-villeurbanne\/wp-json\/wp\/v2\/media?parent=504"}],"curies":[{"name":"wp","href":"https:\/\/api.w.org\/{rel}","templated":true}]}}

Les affaires immobilières

<h3>Les loyers</h3>
<p>Les baux d&rsquo;habitation sont régis par la loi n° 89-462 du 6 juillet 1989.<br />
La compétence de principe pour connaître des litiges en matière de loyers est celle du tribunal d&rsquo;instance du lieu de situation du bien loué. Toutefois, la demande de restitution du dépôt de garantie en fin de bail doit être faite devant la juridiction de proximité du lieu de situation du bien loué.<br />
Devant ces deux juridictions, la représentation par avocat n&rsquo;est pas obligatoire, mais conseillée.<br />
La procédure est orale, mais est soumise au principe du contradictoire ; à Lyon comme à Villeurbanne, il faut compter environ 9 mois pour obtenir un jugement.<br />
La voie de recours contre les jugements du tribunal d&rsquo;instance est l&rsquo;est l&rsquo;appel, qui doit être exercé au plus tard dans le mois de la signification du jugement par huissier ; le recours en cassation peut ensuite être envisagé.</p>
<p>&nbsp;</p>
<h3>La copropriété</h3>
<p>Le contentieux relève essentiellement du tribunal de grande instance.<br />
Devant le tribunal de grande instance, la représentation par avocat est obligatoire.<br />
La procédure au fond, après des échanges de conclusions écrites entre avocats, au bout d’environ 18 mois à Lyon, donne lieu à un jugement.<br />
Chacune des parties dispose d’un droit d’appel, puis du pourvoi en cassation.</p>

<p>Les loyers Les baux d&rsquo;habitation sont régis par la loi n° 89-462 du 6 juillet 1989. La compétence de principe pour connaître des litiges en matière de loyers est celle du tribunal d&rsquo;instance du lieu de situation du bien loué. Toutefois, la demande de restitution du dépôt de garantie en fin de bail doit être [&hellip;]</p>

<!-- This site is optimized with the Yoast SEO plugin v22.3 - https://yoast.com/wordpress/plugins/seo/ -->
<title>Les affaires immobilières - Nicolas Bonnet - Avocat Lyon et Villeurbanne, divorce, droit médical, travail, litiges de la consommation...</title>
<meta name="robots" content="index, follow, max-snippet:-1, max-image-preview:large, max-video-preview:-1" />
<link rel="canonical" href="https://www.avocat-bonnet.fr/lyon-villeurbanne/les-affaires-immobilieres/" />
<meta property="og:locale" content="fr_FR" />
<meta property="og:type" content="article" />
<meta property="og:title" content="Les affaires immobilières - Nicolas Bonnet - Avocat Lyon et Villeurbanne, divorce, droit médical, travail, litiges de la consommation..." />
<meta property="og:description" content="Les loyers Les baux d&rsquo;habitation sont régis par la loi n° 89-462 du 6 juillet 1989. La compétence de principe pour connaître des litiges en matière de loyers est celle du tribunal d&rsquo;instance du lieu de situation du bien loué. Toutefois, la demande de restitution du dépôt de garantie en fin de bail doit être [&hellip;]" />
<meta property="og:url" content="https://www.avocat-bonnet.fr/lyon-villeurbanne/les-affaires-immobilieres/" />
<meta property="og:site_name" content="Nicolas Bonnet - Avocat Lyon et Villeurbanne, divorce, droit médical, travail, litiges de la consommation..." />
<meta property="og:image" content="https://www.avocat-bonnet.fr/lyon-villeurbanne/wp-content/uploads/2018/06/Defaut-image.jpg" />
	<meta property="og:image:width" content="300" />
	<meta property="og:image:height" content="200" />
	<meta property="og:image:type" content="image/jpeg" />
<meta name="twitter:card" content="summary_large_image" />
<meta name="twitter:label1" content="Durée de lecture estimée" />
	<meta name="twitter:data1" content="1 minute" />
<script type="application/ld+json" class="yoast-schema-graph">{"@context":"https://schema.org","@graph":[{"@type":"WebPage","@id":"https://www.avocat-bonnet.fr/lyon-villeurbanne/les-affaires-immobilieres/","url":"https://www.avocat-bonnet.fr/lyon-villeurbanne/les-affaires-immobilieres/","name":"Les affaires immobilières - Nicolas Bonnet - Avocat Lyon et Villeurbanne, divorce, droit médical, travail, litiges de la consommation...","isPartOf":{"@id":"https://www.avocat-bonnet.fr/lyon-villeurbanne/#website"},"primaryImageOfPage":{"@id":"https://www.avocat-bonnet.fr/lyon-villeurbanne/les-affaires-immobilieres/#primaryimage"},"image":{"@id":"https://www.avocat-bonnet.fr/lyon-villeurbanne/les-affaires-immobilieres/#primaryimage"},"thumbnailUrl":"https://www.avocat-bonnet.fr/lyon-villeurbanne/wp-content/uploads/2018/06/Defaut-image.jpg","datePublished":"2012-11-14T20:12:52+00:00","dateModified":"2012-11-14T20:12:52+00:00","breadcrumb":{"@id":"https://www.avocat-bonnet.fr/lyon-villeurbanne/les-affaires-immobilieres/#breadcrumb"},"inLanguage":"fr-FR","potentialAction":[{"@type":"ReadAction","target":["https://www.avocat-bonnet.fr/lyon-villeurbanne/les-affaires-immobilieres/"]}]},{"@type":"ImageObject","inLanguage":"fr-FR","@id":"https://www.avocat-bonnet.fr/lyon-villeurbanne/les-affaires-immobilieres/#primaryimage","url":"https://www.avocat-bonnet.fr/lyon-villeurbanne/wp-content/uploads/2018/06/Defaut-image.jpg","contentUrl":"https://www.avocat-bonnet.fr/lyon-villeurbanne/wp-content/uploads/2018/06/Defaut-image.jpg","width":300,"height":200},{"@type":"BreadcrumbList","@id":"https://www.avocat-bonnet.fr/lyon-villeurbanne/les-affaires-immobilieres/#breadcrumb","itemListElement":[{"@type":"ListItem","position":1,"name":"Accueil","item":"https://www.avocat-bonnet.fr/lyon-villeurbanne/"},{"@type":"ListItem","position":2,"name":"Les affaires immobilières"}]},{"@type":"WebSite","@id":"https://www.avocat-bonnet.fr/lyon-villeurbanne/#website","url":"https://www.avocat-bonnet.fr/lyon-villeurbanne/","name":"Nicolas Bonnet - Avocat Lyon et Villeurbanne, divorce, droit médical, travail, litiges de la consommation...","description":"Un cabinet d&#039;avocat dédié au droit des particuliers, commerçants et petites entreprises...","publisher":{"@id":"https://www.avocat-bonnet.fr/lyon-villeurbanne/#/schema/person/53ccc962871a33e31889adc918b8794d"},"potentialAction":[{"@type":"SearchAction","target":{"@type":"EntryPoint","urlTemplate":"https://www.avocat-bonnet.fr/lyon-villeurbanne/?s={search_term_string}"},"query-input":"required name=search_term_string"}],"inLanguage":"fr-FR"},{"@type":["Person","Organization"],"@id":"https://www.avocat-bonnet.fr/lyon-villeurbanne/#/schema/person/53ccc962871a33e31889adc918b8794d","name":"Nicolas Bonnet","logo":{"@id":"https://www.avocat-bonnet.fr/lyon-villeurbanne/#/schema/person/image/"}}]}</script>
<!-- / Yoast SEO plugin. -->

Les affaires immobilières - Nicolas Bonnet - Avocat Lyon et Villeurbanne, divorce, droit médical, travail, litiges de la consommation...

Les loyers Les baux d&rsquo;habitation sont régis par la loi n° 89-462 du 6 juillet 1989. La compétence de principe pour connaître des litiges en matière de loyers est celle du tribunal d&rsquo;instance du lieu de situation du bien loué. Toutefois, la demande de restitution du dépôt de garantie en fin de bail doit être [&hellip;]

Nicolas Bonnet - Avocat Lyon et Villeurbanne, divorce, droit médical, travail, litiges de la consommation...

Un cabinet d&#039;avocat dédié au droit des particuliers, commerçants et petites entreprises...
