{"id":488,"date":"2012-11-14T21:09:04","date_gmt":"2012-11-14T20:09:04","guid":{"rendered":"http:\/\/www.avocat-bonnet.fr\/lesite\/?page_id=488"},"modified":"2022-04-12T19:24:31","modified_gmt":"2022-04-12T17:24:31","slug":"avocat-divorce-amiable-sans-juge-consentement-mutuel","status":"publish","type":"page","link":"https:\/\/www.avocat-bonnet.fr\/lyon-villeurbanne\/avocat-divorce-amiable-sans-juge-consentement-mutuel\/","title":{"rendered":"Le divorce par consentement mutuel (divorce \u00ab\u00a0amiable\u00a0\u00bb ou \u00ab\u00a0divorce sans juge\u00a0\u00bb)"},"content":{"rendered":"<p>En application de la loi du 18 d\u00e9cembre 2016 de \u00ab\u00a0modernisation de la justice du XXI<sup>\u00e8me<\/sup> si\u00e8cle\u00a0\u00bb, depuis le 1<sup>er<\/sup> janvier 2017, le <em>\u00ab\u00a0divorce par consentement mutuel par acte sous signature priv\u00e9e contresign\u00e9 par avocats\u00a0\u00bb<\/em> n&rsquo;est plus prononc\u00e9 par un juge, mais r\u00e9sulte d&rsquo;une convention de divorce r\u00e9dig\u00e9e et contresign\u00e9e par avocats, et enregistr\u00e9e par notaire.<\/p>\n<p>A noter que si un enfant du couple divor\u00e7ant, capable du discernement voulu et inform\u00e9 de ce droit par ses parents, demande \u00e0 \u00eatre entendu par le juge, le divorce par consentement mutuel (ou \u00ab\u00a0amiable\u00a0\u00bb) redevient judiciaire.<\/p>\n<p>Comme avant la r\u00e9forme, il est \u00e9tabli <strong>une convention qui r\u00e8gle les effets du divorce<\/strong> : liquidation du r\u00e9gime matrimonial (partage des biens), r\u00e8glement des int\u00e9r\u00eats patrimoniaux (dettes du m\u00e9nage), institution d&rsquo;une \u00e9ventuelle prestation compensatoire au profit de l&rsquo;\u00e9poux qui subirait une disparit\u00e9 de niveau de vie du fait du divorce, \u00e9tablissement des mesures relatives aux enfants (exercice de l&rsquo;autorit\u00e9 parentale, garde et droit de visite et d&rsquo;h\u00e9bergement, pension alimentaire) ; il faut donc que les \u00e9poux arrivent \u00e0 se mettre d&rsquo;accord sur tous ces points.<\/p>\n<p>D\u00e9sormais, la convention est obligatoirement r\u00e9dig\u00e9e et contresign\u00e9e par deux avocats, chaque \u00e9poux devant avoir le sien propre ; <strong>il n&rsquo;est plus possible d&rsquo;\u00eatre assist\u00e9 par le m\u00eame avocat<\/strong>, mais l&rsquo;aide juridictionnelle peut toujours \u00eatre accord\u00e9e, selon les ressources.<\/p>\n<p>Une fois le projet de convention \u00e9tabli, chaque avocat l&rsquo;envoie \u00e0 son client par lettre recommand\u00e9e avec accus\u00e9 de r\u00e9ception, et la signature n&rsquo;est possible que pass\u00e9 un <strong>d\u00e9lai de r\u00e9flexion de quinze jours<\/strong>, les \u00e9poux et leurs avocats en pr\u00e9sence (d&rsquo;o\u00f9 difficult\u00e9 possible en cas d&rsquo;\u00e9loignement g\u00e9ographique).<\/p>\n<p>La convention est sign\u00e9e au cabinet de l&rsquo;un ou l&rsquo;autre des deux avocats et chacun des \u00e9poux se verra remettre un original papier comportant les quatre signatures.<\/p>\n<p>D\u00e9sormais, ce n&rsquo;est plus un jugement, mais l&rsquo;<strong>enregistrement de la convention au rang des minutes d&rsquo;un notaire<\/strong> qui donne force ex\u00e9cutoire au divorce, \u00e0 compter de la date de cet enregistrement ; il est toutefois toujours possible, dans les rapports des \u00e9poux entre eux relativement \u00e0 leur patrimoine, de faire r\u00e9troagir les effets du divorce \u00e0 une date ant\u00e9rieure (par exemple en cas de cessation de la vie commune, ou d&rsquo;achat d&rsquo;un bien immobilier par l&rsquo;un).<\/p>\n<p>Le notaire n&rsquo;exerce qu&rsquo;un contr\u00f4le de la r\u00e9gularit\u00e9 formelle de la convention (capacit\u00e9 des \u00e9poux, double contreseing d&rsquo;avocats, respect du d\u00e9lai de r\u00e9flexion de quinze jours) ; \u00e0 noter qu&rsquo;un notaire &#8211; le m\u00eame ou on que celui qui enregistre &#8211; est n\u00e9cessaire pour \u00e9tablir l&rsquo;acte liquidatif de communaut\u00e9 en pr\u00e9sence de biens immobiliers.<\/p>\n<p>Il n&rsquo;existe <strong>pas de recours<\/strong> \u00e0 proprement parler contre ce nouveau \u00ab\u00a0contrat de divorce\u00a0\u00bb, sauf \u00e0 en contester la validit\u00e9 devant le juge des contrats (par exemple si l&rsquo;un des \u00e9poux faisait l&rsquo;objet d&rsquo;une mesure de protection judiciaire, ce qui lui interdisait ce mode de divorce).<\/p>\n<p>Par la suite, chacun des anciens \u00e9poux pourra toutefois, comme avant la r\u00e9forme, <strong>demander au juge aux affaires familiales des modifications<\/strong> des dispositions prises relativement aux enfants en cas de survenance d&rsquo;un fait nouveau (frais non pr\u00e9vus), de changement important de la situation de l&rsquo;un ou de l&rsquo;autre (perte d&#8217;emploi).<\/p>\n<p>Attention, pour les \u00e9poux mari\u00e9s avec un \u00ab\u00a0\u00e9l\u00e9ment d&rsquo;extran\u00e9it\u00e9\u00a0\u00bb (mariage c\u00e9l\u00e9br\u00e9 \u00e0 l&rsquo;\u00e9tranger, nationalit\u00e9 \u00e9trang\u00e8re de l&rsquo;un ou\/et de l&rsquo;autre)), le divorce \u00ab\u00a0sans juge\u00a0\u00bb ne sera <em>a priori<\/em> <strong>pas reconnu \u00e0 l&rsquo;\u00e9tranger<\/strong> (sauf en Espagne et au Portugal, qui disposent d&rsquo;un mode comparable de divorce non judiciaire), avec le risque que perdurent \u00e0 l&rsquo;\u00e9tranger les effets du mariage : impossibilit\u00e9 en principe de se remarier hors de France, possibilit\u00e9, selon les r\u00e9gimes matrimoniaux, de continuation de la solidarit\u00e9 aux dettes, \u00e9ventuelles difficult\u00e9s successorales\u2026<\/p>\n<p>M\u00eame pour les \u00e9poux fran\u00e7ais mari\u00e9s en France, un risque existe : celui, en cas d&rsquo;installation \u00e0 l&rsquo;\u00e9tranger post\u00e9rieure au divorce sans juge, de ne pas pouvoir s&rsquo;y marier.<\/p>\n<p>Pr\u00e9cisons enfin que des \u00e9poux divorc\u00e9s en France sans juge, qui s&rsquo;apercevraient qu&rsquo;ils ne sont pas consid\u00e9r\u00e9s comme divorc\u00e9s &#8211; par exemple dans leur pays d&rsquo;origine, \u00e9tant consid\u00e9r\u00e9s en France comme divorc\u00e9s, ne pourraient pas demander un divorce judiciaire pour r\u00e9gulariser leur situation au regard du droit international.<\/p>\n<h6><span style=\"font-size: large;\"><em>L\u2019avis de Ma\u00eetre Nicolas Bonnet<\/em><\/span><\/h6>\n<p><em>L&rsquo;avantage escompt\u00e9 de ce nouveau mode de divorce est sa <strong>rapidit\u00e9<\/strong> : entre le moment o\u00f9 les \u00e9poux se sont mis d&rsquo;accord sur l&rsquo;ensemble des cons\u00e9quences du divorce &#8211; comprenant la liquidation de la communaut\u00e9 &#8211; et la transcription du divorce \u00e0 l&rsquo;\u00e9tat civil, il faut compter environ six semaines \u00e0 deux mois, contre environ un an auparavant ; mais il faut que les \u00e9poux parviennent \u00e0 se mettre d\u2019accord sur tout avant, ce qui peut prendre du temps\u2026<\/em><\/p>\n<p><em>Par ailleurs, il n&rsquo;est pas n\u00e9cessairement adapt\u00e9 \u00e0 toutes les situations (\u00e9loignement g\u00e9ographique des \u00e9poux, pr\u00e9sence d&rsquo;\u00e9l\u00e9ments d&rsquo;extran\u00e9it\u00e9).<\/em><\/p>\n","protected":false},"excerpt":{"rendered":"<p>En application de la loi du 18 d\u00e9cembre 2016 de \u00ab\u00a0modernisation de la justice du XXI\u00e8me si\u00e8cle\u00a0\u00bb, depuis le 1er janvier 2017, le \u00ab\u00a0divorce par consentement mutuel par acte sous signature priv\u00e9e contresign\u00e9 par avocats\u00a0\u00bb n&rsquo;est plus prononc\u00e9 par un juge, mais r\u00e9sulte d&rsquo;une convention de divorce r\u00e9dig\u00e9e et contresign\u00e9e par avocats, et enregistr\u00e9e par [&hellip;]<\/p>\n","protected":false},"author":4,"featured_media":1562,"parent":0,"menu_order":1,"comment_status":"closed","ping_status":"closed","template":"","meta":{"_et_pb_use_builder":"","_et_pb_old_content":"","_et_gb_content_width":"","footnotes":""},"yoast_head":"<!-- This site is optimized with the Yoast SEO plugin v22.3 - https:\/\/yoast.com\/wordpress\/plugins\/seo\/ -->\n<title>Le divorce par consentement mutuel (divorce &quot;amiable&quot; ou &quot;divorce sans juge&quot;) - Nicolas Bonnet - Avocat Lyon et Villeurbanne, divorce, droit m\u00e9dical, travail, litiges de la consommation...<\/title>\n<meta name=\"robots\" content=\"index, follow, max-snippet:-1, max-image-preview:large, max-video-preview:-1\" \/>\n<link rel=\"canonical\" href=\"https:\/\/www.avocat-bonnet.fr\/lyon-villeurbanne\/avocat-divorce-amiable-sans-juge-consentement-mutuel\/\" \/>\n<meta property=\"og:locale\" content=\"fr_FR\" \/>\n<meta property=\"og:type\" content=\"article\" \/>\n<meta property=\"og:title\" content=\"Le divorce par consentement mutuel (divorce &quot;amiable&quot; ou &quot;divorce sans juge&quot;) - Nicolas Bonnet - Avocat Lyon et Villeurbanne, divorce, droit m\u00e9dical, travail, litiges de la consommation...\" \/>\n<meta property=\"og:description\" content=\"En application de la loi du 18 d\u00e9cembre 2016 de \u00ab\u00a0modernisation de la justice du XXI\u00e8me si\u00e8cle\u00a0\u00bb, depuis le 1er janvier 2017, le \u00ab\u00a0divorce par consentement mutuel par acte sous signature priv\u00e9e contresign\u00e9 par avocats\u00a0\u00bb n&rsquo;est plus prononc\u00e9 par un juge, mais r\u00e9sulte d&rsquo;une convention de divorce r\u00e9dig\u00e9e et contresign\u00e9e par avocats, et enregistr\u00e9e par [&hellip;]\" \/>\n<meta property=\"og:url\" content=\"https:\/\/www.avocat-bonnet.fr\/lyon-villeurbanne\/avocat-divorce-amiable-sans-juge-consentement-mutuel\/\" \/>\n<meta property=\"og:site_name\" content=\"Nicolas Bonnet - Avocat Lyon et Villeurbanne, divorce, droit m\u00e9dical, travail, litiges de la consommation...\" \/>\n<meta property=\"article:modified_time\" content=\"2022-04-12T17:24:31+00:00\" \/>\n<meta name=\"twitter:card\" content=\"summary_large_image\" \/>\n<meta name=\"twitter:label1\" content=\"Dur\u00e9e de lecture estim\u00e9e\" \/>\n\t<meta name=\"twitter:data1\" content=\"4 minutes\" \/>\n<script type=\"application\/ld+json\" class=\"yoast-schema-graph\">{\"@context\":\"https:\/\/schema.org\",\"@graph\":[{\"@type\":\"WebPage\",\"@id\":\"https:\/\/www.avocat-bonnet.fr\/lyon-villeurbanne\/avocat-divorce-amiable-sans-juge-consentement-mutuel\/\",\"url\":\"https:\/\/www.avocat-bonnet.fr\/lyon-villeurbanne\/avocat-divorce-amiable-sans-juge-consentement-mutuel\/\",\"name\":\"Le divorce par consentement mutuel (divorce \\\"amiable\\\" ou \\\"divorce sans juge\\\") - Nicolas Bonnet - Avocat Lyon et Villeurbanne, divorce, droit m\u00e9dical, travail, litiges de la consommation...\",\"isPartOf\":{\"@id\":\"https:\/\/www.avocat-bonnet.fr\/lyon-villeurbanne\/#website\"},\"primaryImageOfPage\":{\"@id\":\"https:\/\/www.avocat-bonnet.fr\/lyon-villeurbanne\/avocat-divorce-amiable-sans-juge-consentement-mutuel\/#primaryimage\"},\"image\":{\"@id\":\"https:\/\/www.avocat-bonnet.fr\/lyon-villeurbanne\/avocat-divorce-amiable-sans-juge-consentement-mutuel\/#primaryimage\"},\"thumbnailUrl\":\"https:\/\/www.avocat-bonnet.fr\/lyon-villeurbanne\/wp-content\/uploads\/2018\/06\/Defaut-image.jpg\",\"datePublished\":\"2012-11-14T20:09:04+00:00\",\"dateModified\":\"2022-04-12T17:24:31+00:00\",\"breadcrumb\":{\"@id\":\"https:\/\/www.avocat-bonnet.fr\/lyon-villeurbanne\/avocat-divorce-amiable-sans-juge-consentement-mutuel\/#breadcrumb\"},\"inLanguage\":\"fr-FR\",\"potentialAction\":[{\"@type\":\"ReadAction\",\"target\":[\"https:\/\/www.avocat-bonnet.fr\/lyon-villeurbanne\/avocat-divorce-amiable-sans-juge-consentement-mutuel\/\"]}]},{\"@type\":\"ImageObject\",\"inLanguage\":\"fr-FR\",\"@id\":\"https:\/\/www.avocat-bonnet.fr\/lyon-villeurbanne\/avocat-divorce-amiable-sans-juge-consentement-mutuel\/#primaryimage\",\"url\":\"https:\/\/www.avocat-bonnet.fr\/lyon-villeurbanne\/wp-content\/uploads\/2018\/06\/Defaut-image.jpg\",\"contentUrl\":\"https:\/\/www.avocat-bonnet.fr\/lyon-villeurbanne\/wp-content\/uploads\/2018\/06\/Defaut-image.jpg\",\"width\":300,\"height\":200},{\"@type\":\"BreadcrumbList\",\"@id\":\"https:\/\/www.avocat-bonnet.fr\/lyon-villeurbanne\/avocat-divorce-amiable-sans-juge-consentement-mutuel\/#breadcrumb\",\"itemListElement\":[{\"@type\":\"ListItem\",\"position\":1,\"name\":\"Accueil\",\"item\":\"https:\/\/www.avocat-bonnet.fr\/lyon-villeurbanne\/\"},{\"@type\":\"ListItem\",\"position\":2,\"name\":\"Le divorce par consentement mutuel (divorce \u00ab\u00a0amiable\u00a0\u00bb ou \u00ab\u00a0divorce sans juge\u00a0\u00bb)\"}]},{\"@type\":\"WebSite\",\"@id\":\"https:\/\/www.avocat-bonnet.fr\/lyon-villeurbanne\/#website\",\"url\":\"https:\/\/www.avocat-bonnet.fr\/lyon-villeurbanne\/\",\"name\":\"Nicolas Bonnet - Avocat Lyon et Villeurbanne, divorce, droit m\u00e9dical, travail, litiges de la consommation...\",\"description\":\"Un cabinet d&#039;avocat d\u00e9di\u00e9 au droit des particuliers, commer\u00e7ants et petites entreprises...\",\"publisher\":{\"@id\":\"https:\/\/www.avocat-bonnet.fr\/lyon-villeurbanne\/#\/schema\/person\/53ccc962871a33e31889adc918b8794d\"},\"potentialAction\":[{\"@type\":\"SearchAction\",\"target\":{\"@type\":\"EntryPoint\",\"urlTemplate\":\"https:\/\/www.avocat-bonnet.fr\/lyon-villeurbanne\/?s={search_term_string}\"},\"query-input\":\"required name=search_term_string\"}],\"inLanguage\":\"fr-FR\"},{\"@type\":[\"Person\",\"Organization\"],\"@id\":\"https:\/\/www.avocat-bonnet.fr\/lyon-villeurbanne\/#\/schema\/person\/53ccc962871a33e31889adc918b8794d\",\"name\":\"Nicolas Bonnet\",\"logo\":{\"@id\":\"https:\/\/www.avocat-bonnet.fr\/lyon-villeurbanne\/#\/schema\/person\/image\/\"}}]}<\/script>\n<!-- \/ Yoast SEO plugin. -->","yoast_head_json":{"title":"Le divorce par consentement mutuel (divorce \"amiable\" ou \"divorce sans juge\") - Nicolas Bonnet - Avocat Lyon et Villeurbanne, divorce, droit m\u00e9dical, travail, litiges de la consommation...","robots":{"index":"index","follow":"follow","max-snippet":"max-snippet:-1","max-image-preview":"max-image-preview:large","max-video-preview":"max-video-preview:-1"},"canonical":"https:\/\/www.avocat-bonnet.fr\/lyon-villeurbanne\/avocat-divorce-amiable-sans-juge-consentement-mutuel\/","og_locale":"fr_FR","og_type":"article","og_title":"Le divorce par consentement mutuel (divorce \"amiable\" ou \"divorce sans juge\") - Nicolas Bonnet - Avocat Lyon et Villeurbanne, divorce, droit m\u00e9dical, travail, litiges de la consommation...","og_description":"En application de la loi du 18 d\u00e9cembre 2016 de \u00ab\u00a0modernisation de la justice du XXI\u00e8me si\u00e8cle\u00a0\u00bb, depuis le 1er janvier 2017, le \u00ab\u00a0divorce par consentement mutuel par acte sous signature priv\u00e9e contresign\u00e9 par avocats\u00a0\u00bb n&rsquo;est plus prononc\u00e9 par un juge, mais r\u00e9sulte d&rsquo;une convention de divorce r\u00e9dig\u00e9e et contresign\u00e9e par avocats, et enregistr\u00e9e par [&hellip;]","og_url":"https:\/\/www.avocat-bonnet.fr\/lyon-villeurbanne\/avocat-divorce-amiable-sans-juge-consentement-mutuel\/","og_site_name":"Nicolas Bonnet - Avocat Lyon et Villeurbanne, divorce, droit m\u00e9dical, travail, litiges de la consommation...","article_modified_time":"2022-04-12T17:24:31+00:00","twitter_card":"summary_large_image","twitter_misc":{"Dur\u00e9e de lecture estim\u00e9e":"4 minutes"},"schema":{"@context":"https:\/\/schema.org","@graph":[{"@type":"WebPage","@id":"https:\/\/www.avocat-bonnet.fr\/lyon-villeurbanne\/avocat-divorce-amiable-sans-juge-consentement-mutuel\/","url":"https:\/\/www.avocat-bonnet.fr\/lyon-villeurbanne\/avocat-divorce-amiable-sans-juge-consentement-mutuel\/","name":"Le divorce par consentement mutuel (divorce \"amiable\" ou \"divorce sans juge\") - Nicolas Bonnet - Avocat Lyon et Villeurbanne, divorce, droit m\u00e9dical, travail, litiges de la consommation...","isPartOf":{"@id":"https:\/\/www.avocat-bonnet.fr\/lyon-villeurbanne\/#website"},"primaryImageOfPage":{"@id":"https:\/\/www.avocat-bonnet.fr\/lyon-villeurbanne\/avocat-divorce-amiable-sans-juge-consentement-mutuel\/#primaryimage"},"image":{"@id":"https:\/\/www.avocat-bonnet.fr\/lyon-villeurbanne\/avocat-divorce-amiable-sans-juge-consentement-mutuel\/#primaryimage"},"thumbnailUrl":"https:\/\/www.avocat-bonnet.fr\/lyon-villeurbanne\/wp-content\/uploads\/2018\/06\/Defaut-image.jpg","datePublished":"2012-11-14T20:09:04+00:00","dateModified":"2022-04-12T17:24:31+00:00","breadcrumb":{"@id":"https:\/\/www.avocat-bonnet.fr\/lyon-villeurbanne\/avocat-divorce-amiable-sans-juge-consentement-mutuel\/#breadcrumb"},"inLanguage":"fr-FR","potentialAction":[{"@type":"ReadAction","target":["https:\/\/www.avocat-bonnet.fr\/lyon-villeurbanne\/avocat-divorce-amiable-sans-juge-consentement-mutuel\/"]}]},{"@type":"ImageObject","inLanguage":"fr-FR","@id":"https:\/\/www.avocat-bonnet.fr\/lyon-villeurbanne\/avocat-divorce-amiable-sans-juge-consentement-mutuel\/#primaryimage","url":"https:\/\/www.avocat-bonnet.fr\/lyon-villeurbanne\/wp-content\/uploads\/2018\/06\/Defaut-image.jpg","contentUrl":"https:\/\/www.avocat-bonnet.fr\/lyon-villeurbanne\/wp-content\/uploads\/2018\/06\/Defaut-image.jpg","width":300,"height":200},{"@type":"BreadcrumbList","@id":"https:\/\/www.avocat-bonnet.fr\/lyon-villeurbanne\/avocat-divorce-amiable-sans-juge-consentement-mutuel\/#breadcrumb","itemListElement":[{"@type":"ListItem","position":1,"name":"Accueil","item":"https:\/\/www.avocat-bonnet.fr\/lyon-villeurbanne\/"},{"@type":"ListItem","position":2,"name":"Le divorce par consentement mutuel (divorce \u00ab\u00a0amiable\u00a0\u00bb ou \u00ab\u00a0divorce sans juge\u00a0\u00bb)"}]},{"@type":"WebSite","@id":"https:\/\/www.avocat-bonnet.fr\/lyon-villeurbanne\/#website","url":"https:\/\/www.avocat-bonnet.fr\/lyon-villeurbanne\/","name":"Nicolas Bonnet - Avocat Lyon et Villeurbanne, divorce, droit m\u00e9dical, travail, litiges de la consommation...","description":"Un cabinet d&#039;avocat d\u00e9di\u00e9 au droit des particuliers, commer\u00e7ants et petites entreprises...","publisher":{"@id":"https:\/\/www.avocat-bonnet.fr\/lyon-villeurbanne\/#\/schema\/person\/53ccc962871a33e31889adc918b8794d"},"potentialAction":[{"@type":"SearchAction","target":{"@type":"EntryPoint","urlTemplate":"https:\/\/www.avocat-bonnet.fr\/lyon-villeurbanne\/?s={search_term_string}"},"query-input":"required name=search_term_string"}],"inLanguage":"fr-FR"},{"@type":["Person","Organization"],"@id":"https:\/\/www.avocat-bonnet.fr\/lyon-villeurbanne\/#\/schema\/person\/53ccc962871a33e31889adc918b8794d","name":"Nicolas Bonnet","logo":{"@id":"https:\/\/www.avocat-bonnet.fr\/lyon-villeurbanne\/#\/schema\/person\/image\/"}}]}},"_links":{"self":[{"href":"https:\/\/www.avocat-bonnet.fr\/lyon-villeurbanne\/wp-json\/wp\/v2\/pages\/488"}],"collection":[{"href":"https:\/\/www.avocat-bonnet.fr\/lyon-villeurbanne\/wp-json\/wp\/v2\/pages"}],"about":[{"href":"https:\/\/www.avocat-bonnet.fr\/lyon-villeurbanne\/wp-json\/wp\/v2\/types\/page"}],"author":[{"embeddable":true,"href":"https:\/\/www.avocat-bonnet.fr\/lyon-villeurbanne\/wp-json\/wp\/v2\/users\/4"}],"replies":[{"embeddable":true,"href":"https:\/\/www.avocat-bonnet.fr\/lyon-villeurbanne\/wp-json\/wp\/v2\/comments?post=488"}],"version-history":[{"count":3,"href":"https:\/\/www.avocat-bonnet.fr\/lyon-villeurbanne\/wp-json\/wp\/v2\/pages\/488\/revisions"}],"predecessor-version":[{"id":3858,"href":"https:\/\/www.avocat-bonnet.fr\/lyon-villeurbanne\/wp-json\/wp\/v2\/pages\/488\/revisions\/3858"}],"wp:featuredmedia":[{"embeddable":true,"href":"https:\/\/www.avocat-bonnet.fr\/lyon-villeurbanne\/wp-json\/wp\/v2\/media\/1562"}],"wp:attachment":[{"href":"https:\/\/www.avocat-bonnet.fr\/lyon-villeurbanne\/wp-json\/wp\/v2\/media?parent=488"}],"curies":[{"name":"wp","href":"https:\/\/api.w.org\/{rel}","templated":true}]}}