{"id":337,"date":"2012-10-23T13:46:51","date_gmt":"2012-10-23T12:46:51","guid":{"rendered":"http:\/\/www.avocat-bonnet.fr\/lesite\/?page_id=337"},"modified":"2012-10-23T13:46:51","modified_gmt":"2012-10-23T12:46:51","slug":"mentions-legales","status":"publish","type":"page","link":"https:\/\/www.avocat-bonnet.fr\/lyon-villeurbanne\/mentions-legales\/","title":{"rendered":"Mentions l\u00e9gales"},"content":{"rendered":"<p><strong>Responsable du site :<\/strong><br \/>\nNicolas Bonnet<br \/>\ncabinet d\u2019avocat<br \/>\n25, avenue Henri Barbusse 69100 Villeurbanne<br \/>\nT\u00e9l\u00e9phone : 04 78 68 83 93<br \/>\nNum\u00e9ro SIREN : 380682757<\/p>\n<p><strong>Design :<\/strong><a title=\"Design graphique\" href=\"http:\/\/www.monsieurgentil.fr\" target=\"_blank\"><br \/>\nwww.monsieurgentil.fr<\/a><\/p>\n<p><strong>H\u00e9bergement :<br \/>\n<\/strong>OVH<br \/>\nSAS au capital de 10 000 000 \u20ac<br \/>\nRCS Roubaix \u2013 Tourcoing 424 761 419 00045<br \/>\nCode APE 6202A<br \/>\nN\u00b0 TVA : FR 22 424 761 419<br \/>\nSi\u00e8ge social : 2 rue Kellermann &#8211; 59100 Roubaix &#8211; France.<\/p>\n<p>L&rsquo;ensemble de ce site rel\u00e8ve des l\u00e9gislations fran\u00e7aise et internationale sur les droits d&rsquo;auteur et sur la propri\u00e9t\u00e9 intellectuelle. Tous les droits de reproduction sont r\u00e9serv\u00e9s, y compris pour les documents iconographiques et photographiques.<\/p>\n","protected":false},"excerpt":{"rendered":"<p>Responsable du site : Nicolas Bonnet cabinet d\u2019avocat 25, avenue Henri Barbusse 69100 Villeurbanne T\u00e9l\u00e9phone : 04 78 68 83 93 Num\u00e9ro SIREN : 380682757 Design : www.monsieurgentil.fr H\u00e9bergement : OVH SAS au capital de 10 000 000 \u20ac RCS Roubaix \u2013 Tourcoing 424 761 419 00045 Code APE 6202A N\u00b0 TVA : FR 22 [&hellip;]<\/p>\n","protected":false},"author":4,"featured_media":1562,"parent":0,"menu_order":0,"comment_status":"closed","ping_status":"closed","template":"","meta":{"_et_pb_use_builder":"","_et_pb_old_content":"","_et_gb_content_width":"","footnotes":""},"yoast_head":"<!-- This site is optimized with the Yoast SEO plugin v22.3 - https:\/\/yoast.com\/wordpress\/plugins\/seo\/ -->\n<title>Mentions l\u00e9gales - Nicolas Bonnet - Avocat Lyon et Villeurbanne, divorce, droit m\u00e9dical, travail, litiges de la consommation...<\/title>\n<meta name=\"robots\" content=\"index, follow, max-snippet:-1, max-image-preview:large, max-video-preview:-1\" \/>\n<link rel=\"canonical\" href=\"https:\/\/www.avocat-bonnet.fr\/lyon-villeurbanne\/mentions-legales\/\" \/>\n<meta property=\"og:locale\" content=\"fr_FR\" \/>\n<meta property=\"og:type\" content=\"article\" \/>\n<meta property=\"og:title\" content=\"Mentions l\u00e9gales - Nicolas Bonnet - Avocat Lyon et Villeurbanne, divorce, droit m\u00e9dical, travail, litiges de la consommation...\" \/>\n<meta property=\"og:description\" content=\"Responsable du site : Nicolas Bonnet cabinet d\u2019avocat 25, avenue Henri Barbusse 69100 Villeurbanne T\u00e9l\u00e9phone : 04 78 68 83 93 Num\u00e9ro SIREN : 380682757 Design : www.monsieurgentil.fr H\u00e9bergement : OVH SAS au capital de 10 000 000 \u20ac RCS Roubaix \u2013 Tourcoing 424 761 419 00045 Code APE 6202A N\u00b0 TVA : FR 22 [&hellip;]\" \/>\n<meta property=\"og:url\" content=\"https:\/\/www.avocat-bonnet.fr\/lyon-villeurbanne\/mentions-legales\/\" \/>\n<meta property=\"og:site_name\" content=\"Nicolas Bonnet - Avocat Lyon et Villeurbanne, divorce, droit m\u00e9dical, travail, litiges de la consommation...\" \/>\n<meta property=\"og:image\" content=\"https:\/\/www.avocat-bonnet.fr\/lyon-villeurbanne\/wp-content\/uploads\/2018\/06\/Defaut-image.jpg\" \/>\n\t<meta property=\"og:image:width\" content=\"300\" \/>\n\t<meta property=\"og:image:height\" content=\"200\" \/>\n\t<meta property=\"og:image:type\" content=\"image\/jpeg\" \/>\n<meta name=\"twitter:card\" content=\"summary_large_image\" \/>\n<script type=\"application\/ld+json\" class=\"yoast-schema-graph\">{\"@context\":\"https:\/\/schema.org\",\"@graph\":[{\"@type\":\"WebPage\",\"@id\":\"https:\/\/www.avocat-bonnet.fr\/lyon-villeurbanne\/mentions-legales\/\",\"url\":\"https:\/\/www.avocat-bonnet.fr\/lyon-villeurbanne\/mentions-legales\/\",\"name\":\"Mentions l\u00e9gales - Nicolas Bonnet - Avocat Lyon et Villeurbanne, divorce, droit m\u00e9dical, travail, litiges de la consommation...\",\"isPartOf\":{\"@id\":\"https:\/\/www.avocat-bonnet.fr\/lyon-villeurbanne\/#website\"},\"primaryImageOfPage\":{\"@id\":\"https:\/\/www.avocat-bonnet.fr\/lyon-villeurbanne\/mentions-legales\/#primaryimage\"},\"image\":{\"@id\":\"https:\/\/www.avocat-bonnet.fr\/lyon-villeurbanne\/mentions-legales\/#primaryimage\"},\"thumbnailUrl\":\"https:\/\/www.avocat-bonnet.fr\/lyon-villeurbanne\/wp-content\/uploads\/2018\/06\/Defaut-image.jpg\",\"datePublished\":\"2012-10-23T12:46:51+00:00\",\"dateModified\":\"2012-10-23T12:46:51+00:00\",\"breadcrumb\":{\"@id\":\"https:\/\/www.avocat-bonnet.fr\/lyon-villeurbanne\/mentions-legales\/#breadcrumb\"},\"inLanguage\":\"fr-FR\",\"potentialAction\":[{\"@type\":\"ReadAction\",\"target\":[\"https:\/\/www.avocat-bonnet.fr\/lyon-villeurbanne\/mentions-legales\/\"]}]},{\"@type\":\"ImageObject\",\"inLanguage\":\"fr-FR\",\"@id\":\"https:\/\/www.avocat-bonnet.fr\/lyon-villeurbanne\/mentions-legales\/#primaryimage\",\"url\":\"https:\/\/www.avocat-bonnet.fr\/lyon-villeurbanne\/wp-content\/uploads\/2018\/06\/Defaut-image.jpg\",\"contentUrl\":\"https:\/\/www.avocat-bonnet.fr\/lyon-villeurbanne\/wp-content\/uploads\/2018\/06\/Defaut-image.jpg\",\"width\":300,\"height\":200},{\"@type\":\"BreadcrumbList\",\"@id\":\"https:\/\/www.avocat-bonnet.fr\/lyon-villeurbanne\/mentions-legales\/#breadcrumb\",\"itemListElement\":[{\"@type\":\"ListItem\",\"position\":1,\"name\":\"Accueil\",\"item\":\"https:\/\/www.avocat-bonnet.fr\/lyon-villeurbanne\/\"},{\"@type\":\"ListItem\",\"position\":2,\"name\":\"Mentions l\u00e9gales\"}]},{\"@type\":\"WebSite\",\"@id\":\"https:\/\/www.avocat-bonnet.fr\/lyon-villeurbanne\/#website\",\"url\":\"https:\/\/www.avocat-bonnet.fr\/lyon-villeurbanne\/\",\"name\":\"Nicolas Bonnet - Avocat Lyon et Villeurbanne, divorce, droit m\u00e9dical, travail, litiges de la consommation...\",\"description\":\"Un cabinet d&#039;avocat d\u00e9di\u00e9 au droit des particuliers, commer\u00e7ants et petites entreprises...\",\"publisher\":{\"@id\":\"https:\/\/www.avocat-bonnet.fr\/lyon-villeurbanne\/#\/schema\/person\/53ccc962871a33e31889adc918b8794d\"},\"potentialAction\":[{\"@type\":\"SearchAction\",\"target\":{\"@type\":\"EntryPoint\",\"urlTemplate\":\"https:\/\/www.avocat-bonnet.fr\/lyon-villeurbanne\/?s={search_term_string}\"},\"query-input\":\"required name=search_term_string\"}],\"inLanguage\":\"fr-FR\"},{\"@type\":[\"Person\",\"Organization\"],\"@id\":\"https:\/\/www.avocat-bonnet.fr\/lyon-villeurbanne\/#\/schema\/person\/53ccc962871a33e31889adc918b8794d\",\"name\":\"Nicolas Bonnet\",\"logo\":{\"@id\":\"https:\/\/www.avocat-bonnet.fr\/lyon-villeurbanne\/#\/schema\/person\/image\/\"}}]}<\/script>\n<!-- \/ Yoast SEO plugin. -->","yoast_head_json":{"title":"Mentions l\u00e9gales - Nicolas Bonnet - Avocat Lyon et Villeurbanne, divorce, droit m\u00e9dical, travail, litiges de la consommation...","robots":{"index":"index","follow":"follow","max-snippet":"max-snippet:-1","max-image-preview":"max-image-preview:large","max-video-preview":"max-video-preview:-1"},"canonical":"https:\/\/www.avocat-bonnet.fr\/lyon-villeurbanne\/mentions-legales\/","og_locale":"fr_FR","og_type":"article","og_title":"Mentions l\u00e9gales - Nicolas Bonnet - Avocat Lyon et Villeurbanne, divorce, droit m\u00e9dical, travail, litiges de la consommation...","og_description":"Responsable du site : Nicolas Bonnet cabinet d\u2019avocat 25, avenue Henri Barbusse 69100 Villeurbanne T\u00e9l\u00e9phone : 04 78 68 83 93 Num\u00e9ro SIREN : 380682757 Design : www.monsieurgentil.fr H\u00e9bergement : OVH SAS au capital de 10 000 000 \u20ac RCS Roubaix \u2013 Tourcoing 424 761 419 00045 Code APE 6202A N\u00b0 TVA : FR 22 [&hellip;]","og_url":"https:\/\/www.avocat-bonnet.fr\/lyon-villeurbanne\/mentions-legales\/","og_site_name":"Nicolas Bonnet - Avocat Lyon et Villeurbanne, divorce, droit m\u00e9dical, travail, litiges de la consommation...","og_image":[{"width":300,"height":200,"url":"https:\/\/www.avocat-bonnet.fr\/lyon-villeurbanne\/wp-content\/uploads\/2018\/06\/Defaut-image.jpg","type":"image\/jpeg"}],"twitter_card":"summary_large_image","schema":{"@context":"https:\/\/schema.org","@graph":[{"@type":"WebPage","@id":"https:\/\/www.avocat-bonnet.fr\/lyon-villeurbanne\/mentions-legales\/","url":"https:\/\/www.avocat-bonnet.fr\/lyon-villeurbanne\/mentions-legales\/","name":"Mentions l\u00e9gales - Nicolas Bonnet - Avocat Lyon et Villeurbanne, divorce, droit m\u00e9dical, travail, litiges de la consommation...","isPartOf":{"@id":"https:\/\/www.avocat-bonnet.fr\/lyon-villeurbanne\/#website"},"primaryImageOfPage":{"@id":"https:\/\/www.avocat-bonnet.fr\/lyon-villeurbanne\/mentions-legales\/#primaryimage"},"image":{"@id":"https:\/\/www.avocat-bonnet.fr\/lyon-villeurbanne\/mentions-legales\/#primaryimage"},"thumbnailUrl":"https:\/\/www.avocat-bonnet.fr\/lyon-villeurbanne\/wp-content\/uploads\/2018\/06\/Defaut-image.jpg","datePublished":"2012-10-23T12:46:51+00:00","dateModified":"2012-10-23T12:46:51+00:00","breadcrumb":{"@id":"https:\/\/www.avocat-bonnet.fr\/lyon-villeurbanne\/mentions-legales\/#breadcrumb"},"inLanguage":"fr-FR","potentialAction":[{"@type":"ReadAction","target":["https:\/\/www.avocat-bonnet.fr\/lyon-villeurbanne\/mentions-legales\/"]}]},{"@type":"ImageObject","inLanguage":"fr-FR","@id":"https:\/\/www.avocat-bonnet.fr\/lyon-villeurbanne\/mentions-legales\/#primaryimage","url":"https:\/\/www.avocat-bonnet.fr\/lyon-villeurbanne\/wp-content\/uploads\/2018\/06\/Defaut-image.jpg","contentUrl":"https:\/\/www.avocat-bonnet.fr\/lyon-villeurbanne\/wp-content\/uploads\/2018\/06\/Defaut-image.jpg","width":300,"height":200},{"@type":"BreadcrumbList","@id":"https:\/\/www.avocat-bonnet.fr\/lyon-villeurbanne\/mentions-legales\/#breadcrumb","itemListElement":[{"@type":"ListItem","position":1,"name":"Accueil","item":"https:\/\/www.avocat-bonnet.fr\/lyon-villeurbanne\/"},{"@type":"ListItem","position":2,"name":"Mentions l\u00e9gales"}]},{"@type":"WebSite","@id":"https:\/\/www.avocat-bonnet.fr\/lyon-villeurbanne\/#website","url":"https:\/\/www.avocat-bonnet.fr\/lyon-villeurbanne\/","name":"Nicolas Bonnet - Avocat Lyon et Villeurbanne, divorce, droit m\u00e9dical, travail, litiges de la consommation...","description":"Un cabinet d&#039;avocat d\u00e9di\u00e9 au droit des particuliers, commer\u00e7ants et petites entreprises...","publisher":{"@id":"https:\/\/www.avocat-bonnet.fr\/lyon-villeurbanne\/#\/schema\/person\/53ccc962871a33e31889adc918b8794d"},"potentialAction":[{"@type":"SearchAction","target":{"@type":"EntryPoint","urlTemplate":"https:\/\/www.avocat-bonnet.fr\/lyon-villeurbanne\/?s={search_term_string}"},"query-input":"required name=search_term_string"}],"inLanguage":"fr-FR"},{"@type":["Person","Organization"],"@id":"https:\/\/www.avocat-bonnet.fr\/lyon-villeurbanne\/#\/schema\/person\/53ccc962871a33e31889adc918b8794d","name":"Nicolas Bonnet","logo":{"@id":"https:\/\/www.avocat-bonnet.fr\/lyon-villeurbanne\/#\/schema\/person\/image\/"}}]}},"_links":{"self":[{"href":"https:\/\/www.avocat-bonnet.fr\/lyon-villeurbanne\/wp-json\/wp\/v2\/pages\/337"}],"collection":[{"href":"https:\/\/www.avocat-bonnet.fr\/lyon-villeurbanne\/wp-json\/wp\/v2\/pages"}],"about":[{"href":"https:\/\/www.avocat-bonnet.fr\/lyon-villeurbanne\/wp-json\/wp\/v2\/types\/page"}],"author":[{"embeddable":true,"href":"https:\/\/www.avocat-bonnet.fr\/lyon-villeurbanne\/wp-json\/wp\/v2\/users\/4"}],"replies":[{"embeddable":true,"href":"https:\/\/www.avocat-bonnet.fr\/lyon-villeurbanne\/wp-json\/wp\/v2\/comments?post=337"}],"version-history":[{"count":0,"href":"https:\/\/www.avocat-bonnet.fr\/lyon-villeurbanne\/wp-json\/wp\/v2\/pages\/337\/revisions"}],"wp:featuredmedia":[{"embeddable":true,"href":"https:\/\/www.avocat-bonnet.fr\/lyon-villeurbanne\/wp-json\/wp\/v2\/media\/1562"}],"wp:attachment":[{"href":"https:\/\/www.avocat-bonnet.fr\/lyon-villeurbanne\/wp-json\/wp\/v2\/media?parent=337"}],"curies":[{"name":"wp","href":"https:\/\/api.w.org\/{rel}","templated":true}]}}

Mentions légales

<p><strong>Responsable du site :</strong><br />
Nicolas Bonnet<br />
cabinet d’avocat<br />
25, avenue Henri Barbusse 69100 Villeurbanne<br />
Téléphone : 04 78 68 83 93<br />
Numéro SIREN : 380682757</p>
<p><strong>Design :</strong><a title="Design graphique" href="http://www.monsieurgentil.fr" target="_blank"><br />
www.monsieurgentil.fr</a></p>
<p><strong>Hébergement :<br />
</strong>OVH<br />
SAS au capital de 10 000 000 €<br />
RCS Roubaix – Tourcoing 424 761 419 00045<br />
Code APE 6202A<br />
N° TVA : FR 22 424 761 419<br />
Siège social : 2 rue Kellermann &#8211; 59100 Roubaix &#8211; France.</p>
<p>L&rsquo;ensemble de ce site relève des législations française et internationale sur les droits d&rsquo;auteur et sur la propriété intellectuelle. Tous les droits de reproduction sont réservés, y compris pour les documents iconographiques et photographiques.</p>

<p>Responsable du site : Nicolas Bonnet cabinet d’avocat 25, avenue Henri Barbusse 69100 Villeurbanne Téléphone : 04 78 68 83 93 Numéro SIREN : 380682757 Design : www.monsieurgentil.fr Hébergement : OVH SAS au capital de 10 000 000 € RCS Roubaix – Tourcoing 424 761 419 00045 Code APE 6202A N° TVA : FR 22 [&hellip;]</p>

<!-- This site is optimized with the Yoast SEO plugin v22.3 - https://yoast.com/wordpress/plugins/seo/ -->
<title>Mentions légales - Nicolas Bonnet - Avocat Lyon et Villeurbanne, divorce, droit médical, travail, litiges de la consommation...</title>
<meta name="robots" content="index, follow, max-snippet:-1, max-image-preview:large, max-video-preview:-1" />
<link rel="canonical" href="https://www.avocat-bonnet.fr/lyon-villeurbanne/mentions-legales/" />
<meta property="og:locale" content="fr_FR" />
<meta property="og:type" content="article" />
<meta property="og:title" content="Mentions légales - Nicolas Bonnet - Avocat Lyon et Villeurbanne, divorce, droit médical, travail, litiges de la consommation..." />
<meta property="og:description" content="Responsable du site : Nicolas Bonnet cabinet d’avocat 25, avenue Henri Barbusse 69100 Villeurbanne Téléphone : 04 78 68 83 93 Numéro SIREN : 380682757 Design : www.monsieurgentil.fr Hébergement : OVH SAS au capital de 10 000 000 € RCS Roubaix – Tourcoing 424 761 419 00045 Code APE 6202A N° TVA : FR 22 [&hellip;]" />
<meta property="og:url" content="https://www.avocat-bonnet.fr/lyon-villeurbanne/mentions-legales/" />
<meta property="og:site_name" content="Nicolas Bonnet - Avocat Lyon et Villeurbanne, divorce, droit médical, travail, litiges de la consommation..." />
<meta property="og:image" content="https://www.avocat-bonnet.fr/lyon-villeurbanne/wp-content/uploads/2018/06/Defaut-image.jpg" />
	<meta property="og:image:width" content="300" />
	<meta property="og:image:height" content="200" />
	<meta property="og:image:type" content="image/jpeg" />
<meta name="twitter:card" content="summary_large_image" />
<script type="application/ld+json" class="yoast-schema-graph">{"@context":"https://schema.org","@graph":[{"@type":"WebPage","@id":"https://www.avocat-bonnet.fr/lyon-villeurbanne/mentions-legales/","url":"https://www.avocat-bonnet.fr/lyon-villeurbanne/mentions-legales/","name":"Mentions légales - Nicolas Bonnet - Avocat Lyon et Villeurbanne, divorce, droit médical, travail, litiges de la consommation...","isPartOf":{"@id":"https://www.avocat-bonnet.fr/lyon-villeurbanne/#website"},"primaryImageOfPage":{"@id":"https://www.avocat-bonnet.fr/lyon-villeurbanne/mentions-legales/#primaryimage"},"image":{"@id":"https://www.avocat-bonnet.fr/lyon-villeurbanne/mentions-legales/#primaryimage"},"thumbnailUrl":"https://www.avocat-bonnet.fr/lyon-villeurbanne/wp-content/uploads/2018/06/Defaut-image.jpg","datePublished":"2012-10-23T12:46:51+00:00","dateModified":"2012-10-23T12:46:51+00:00","breadcrumb":{"@id":"https://www.avocat-bonnet.fr/lyon-villeurbanne/mentions-legales/#breadcrumb"},"inLanguage":"fr-FR","potentialAction":[{"@type":"ReadAction","target":["https://www.avocat-bonnet.fr/lyon-villeurbanne/mentions-legales/"]}]},{"@type":"ImageObject","inLanguage":"fr-FR","@id":"https://www.avocat-bonnet.fr/lyon-villeurbanne/mentions-legales/#primaryimage","url":"https://www.avocat-bonnet.fr/lyon-villeurbanne/wp-content/uploads/2018/06/Defaut-image.jpg","contentUrl":"https://www.avocat-bonnet.fr/lyon-villeurbanne/wp-content/uploads/2018/06/Defaut-image.jpg","width":300,"height":200},{"@type":"BreadcrumbList","@id":"https://www.avocat-bonnet.fr/lyon-villeurbanne/mentions-legales/#breadcrumb","itemListElement":[{"@type":"ListItem","position":1,"name":"Accueil","item":"https://www.avocat-bonnet.fr/lyon-villeurbanne/"},{"@type":"ListItem","position":2,"name":"Mentions légales"}]},{"@type":"WebSite","@id":"https://www.avocat-bonnet.fr/lyon-villeurbanne/#website","url":"https://www.avocat-bonnet.fr/lyon-villeurbanne/","name":"Nicolas Bonnet - Avocat Lyon et Villeurbanne, divorce, droit médical, travail, litiges de la consommation...","description":"Un cabinet d&#039;avocat dédié au droit des particuliers, commerçants et petites entreprises...","publisher":{"@id":"https://www.avocat-bonnet.fr/lyon-villeurbanne/#/schema/person/53ccc962871a33e31889adc918b8794d"},"potentialAction":[{"@type":"SearchAction","target":{"@type":"EntryPoint","urlTemplate":"https://www.avocat-bonnet.fr/lyon-villeurbanne/?s={search_term_string}"},"query-input":"required name=search_term_string"}],"inLanguage":"fr-FR"},{"@type":["Person","Organization"],"@id":"https://www.avocat-bonnet.fr/lyon-villeurbanne/#/schema/person/53ccc962871a33e31889adc918b8794d","name":"Nicolas Bonnet","logo":{"@id":"https://www.avocat-bonnet.fr/lyon-villeurbanne/#/schema/person/image/"}}]}</script>
<!-- / Yoast SEO plugin. -->

Mentions légales - Nicolas Bonnet - Avocat Lyon et Villeurbanne, divorce, droit médical, travail, litiges de la consommation...

Responsable du site : Nicolas Bonnet cabinet d’avocat 25, avenue Henri Barbusse 69100 Villeurbanne Téléphone : 04 78 68 83 93 Numéro SIREN : 380682757 Design : www.monsieurgentil.fr Hébergement : OVH SAS au capital de 10 000 000 € RCS Roubaix – Tourcoing 424 761 419 00045 Code APE 6202A N° TVA : FR 22 [&hellip;]

Nicolas Bonnet - Avocat Lyon et Villeurbanne, divorce, droit médical, travail, litiges de la consommation...

Un cabinet d&#039;avocat dédié au droit des particuliers, commerçants et petites entreprises...
