{"id":1858,"date":"2018-08-31T17:06:02","date_gmt":"2018-08-31T15:06:02","guid":{"rendered":"https:\/\/www.avocat-bonnet.fr\/lyon-villeurbanne\/?page_id=1858"},"modified":"2018-08-31T17:06:02","modified_gmt":"2018-08-31T15:06:02","slug":"les-pensions-alimentaires","status":"publish","type":"page","link":"https:\/\/www.avocat-bonnet.fr\/lyon-villeurbanne\/les-pensions-alimentaires\/","title":{"rendered":"Les pensions alimentaires"},"content":{"rendered":"<p>Il existe en premier lieu une obligation alimentaire r\u00e9ciproque <strong>entre ascendants et descendants\u00a0:<\/strong><br \/>\n&#8211; les parents doivent subvenir aux besoins de leurs enfants mineurs, voire majeurs tant que ceux-ci ne sont pas en situation de d\u2019y pourvoir eux-m\u00eames, notamment en cas de poursuite d\u2019\u00e9tudes ou de privation d\u2019emploi\u00a0;<br \/>\n&#8211; les enfants et leurs conjoints sont tenus de contribuer aux besoins de leurs parents si ceux-ci, notamment lors de leur retraite, se trouvent d\u00e9munis.<\/p>\n<p>S&rsquo;agissant de la fixation de la pension alimentaire d&rsquo;un parent pour ses enfants (ou contribution du p\u00e8re\/de la m\u00e8re \u00e0 l&rsquo;entretien et l&rsquo;\u00e9ducation des enfants), les juges utilisent un bar\u00e8me indicatif, qui est fonction des revenus du d\u00e9biteur, du nombre d&rsquo;enfants et du mode de garde.<\/p>\n<p><strong>Les \u00e9poux sont \u00e9galement tenus entre eux<\/strong> \u00e0 une obligation alimentaire au titre du devoir de secours attach\u00e9 au mariage\u00a0; cette obligation se traduit\u00a0:<br \/>\n&#8211; pendant la proc\u00e9dure de divorce \u2013 hors divorce par consentement mutuel \u2013 par l\u2019\u00e9ventuelle fixation d\u2019une pension alimentaire au profit de l\u2019\u00e9poux dont les ressources sont les moins importantes,<br \/>\n&#8211; \u00e0 compter du prononc\u00e9 du divorce, par la fixation \u00e9ventuelle \u2013 dans le divorce par consentement mutuel par la convention qui r\u00e8gle les effets du divorce \u2013 d\u2019une prestation compensatoire, destin\u00e9e \u00e0 compenser la disparit\u00e9 de niveaux de vie entre les \u00e9poux engendr\u00e9e par le divorce, cette prestation prenant en principe la forme d\u2019un capital.<\/p>\n<p>Les pensions alimentaires sont fix\u00e9es par le juge aux affaires familiales en tenant compte des besoins du b\u00e9n\u00e9ficiaire et des ressources du d\u00e9biteur, index\u00e9es sur l\u2019indice du co\u00fbt de la vie, et r\u00e9visables en cas de changement important de la situation du b\u00e9n\u00e9ficiaire ou de celle du d\u00e9biteur.<\/p>\n","protected":false},"excerpt":{"rendered":"<p>Il existe en premier lieu une obligation alimentaire r\u00e9ciproque entre ascendants et descendants\u00a0: &#8211; les parents doivent subvenir aux besoins de leurs enfants mineurs, voire majeurs tant que ceux-ci ne sont pas en situation de d\u2019y pourvoir eux-m\u00eames, notamment en cas de poursuite d\u2019\u00e9tudes ou de privation d\u2019emploi\u00a0; &#8211; les enfants et leurs conjoints sont [&hellip;]<\/p>\n","protected":false},"author":2,"featured_media":1562,"parent":0,"menu_order":0,"comment_status":"closed","ping_status":"closed","template":"","meta":{"_et_pb_use_builder":"","_et_pb_old_content":"","_et_gb_content_width":"","footnotes":""},"yoast_head":"<!-- This site is optimized with the Yoast SEO plugin v22.3 - https:\/\/yoast.com\/wordpress\/plugins\/seo\/ -->\n<title>Les pensions alimentaires - Nicolas Bonnet - Avocat Lyon et Villeurbanne, divorce, droit m\u00e9dical, travail, litiges de la consommation...<\/title>\n<meta name=\"robots\" content=\"index, follow, max-snippet:-1, max-image-preview:large, max-video-preview:-1\" \/>\n<link rel=\"canonical\" href=\"https:\/\/www.avocat-bonnet.fr\/lyon-villeurbanne\/les-pensions-alimentaires\/\" \/>\n<meta property=\"og:locale\" content=\"fr_FR\" \/>\n<meta property=\"og:type\" content=\"article\" \/>\n<meta property=\"og:title\" content=\"Les pensions alimentaires - Nicolas Bonnet - Avocat Lyon et Villeurbanne, divorce, droit m\u00e9dical, travail, litiges de la consommation...\" \/>\n<meta property=\"og:description\" content=\"Il existe en premier lieu une obligation alimentaire r\u00e9ciproque entre ascendants et descendants\u00a0: &#8211; les parents doivent subvenir aux besoins de leurs enfants mineurs, voire majeurs tant que ceux-ci ne sont pas en situation de d\u2019y pourvoir eux-m\u00eames, notamment en cas de poursuite d\u2019\u00e9tudes ou de privation d\u2019emploi\u00a0; &#8211; les enfants et leurs conjoints sont [&hellip;]\" \/>\n<meta property=\"og:url\" content=\"https:\/\/www.avocat-bonnet.fr\/lyon-villeurbanne\/les-pensions-alimentaires\/\" \/>\n<meta property=\"og:site_name\" content=\"Nicolas Bonnet - Avocat Lyon et Villeurbanne, divorce, droit m\u00e9dical, travail, litiges de la consommation...\" \/>\n<meta property=\"og:image\" content=\"https:\/\/www.avocat-bonnet.fr\/lyon-villeurbanne\/wp-content\/uploads\/2018\/06\/Defaut-image.jpg\" \/>\n\t<meta property=\"og:image:width\" content=\"300\" \/>\n\t<meta property=\"og:image:height\" content=\"200\" \/>\n\t<meta property=\"og:image:type\" content=\"image\/jpeg\" \/>\n<meta name=\"twitter:card\" content=\"summary_large_image\" \/>\n<meta name=\"twitter:label1\" content=\"Dur\u00e9e de lecture estim\u00e9e\" \/>\n\t<meta name=\"twitter:data1\" content=\"2 minutes\" \/>\n<script type=\"application\/ld+json\" class=\"yoast-schema-graph\">{\"@context\":\"https:\/\/schema.org\",\"@graph\":[{\"@type\":\"WebPage\",\"@id\":\"https:\/\/www.avocat-bonnet.fr\/lyon-villeurbanne\/les-pensions-alimentaires\/\",\"url\":\"https:\/\/www.avocat-bonnet.fr\/lyon-villeurbanne\/les-pensions-alimentaires\/\",\"name\":\"Les pensions alimentaires - Nicolas Bonnet - Avocat Lyon et Villeurbanne, divorce, droit m\u00e9dical, travail, litiges de la consommation...\",\"isPartOf\":{\"@id\":\"https:\/\/www.avocat-bonnet.fr\/lyon-villeurbanne\/#website\"},\"primaryImageOfPage\":{\"@id\":\"https:\/\/www.avocat-bonnet.fr\/lyon-villeurbanne\/les-pensions-alimentaires\/#primaryimage\"},\"image\":{\"@id\":\"https:\/\/www.avocat-bonnet.fr\/lyon-villeurbanne\/les-pensions-alimentaires\/#primaryimage\"},\"thumbnailUrl\":\"https:\/\/www.avocat-bonnet.fr\/lyon-villeurbanne\/wp-content\/uploads\/2018\/06\/Defaut-image.jpg\",\"datePublished\":\"2018-08-31T15:06:02+00:00\",\"dateModified\":\"2018-08-31T15:06:02+00:00\",\"breadcrumb\":{\"@id\":\"https:\/\/www.avocat-bonnet.fr\/lyon-villeurbanne\/les-pensions-alimentaires\/#breadcrumb\"},\"inLanguage\":\"fr-FR\",\"potentialAction\":[{\"@type\":\"ReadAction\",\"target\":[\"https:\/\/www.avocat-bonnet.fr\/lyon-villeurbanne\/les-pensions-alimentaires\/\"]}]},{\"@type\":\"ImageObject\",\"inLanguage\":\"fr-FR\",\"@id\":\"https:\/\/www.avocat-bonnet.fr\/lyon-villeurbanne\/les-pensions-alimentaires\/#primaryimage\",\"url\":\"https:\/\/www.avocat-bonnet.fr\/lyon-villeurbanne\/wp-content\/uploads\/2018\/06\/Defaut-image.jpg\",\"contentUrl\":\"https:\/\/www.avocat-bonnet.fr\/lyon-villeurbanne\/wp-content\/uploads\/2018\/06\/Defaut-image.jpg\",\"width\":300,\"height\":200},{\"@type\":\"BreadcrumbList\",\"@id\":\"https:\/\/www.avocat-bonnet.fr\/lyon-villeurbanne\/les-pensions-alimentaires\/#breadcrumb\",\"itemListElement\":[{\"@type\":\"ListItem\",\"position\":1,\"name\":\"Accueil\",\"item\":\"https:\/\/www.avocat-bonnet.fr\/lyon-villeurbanne\/\"},{\"@type\":\"ListItem\",\"position\":2,\"name\":\"Les pensions alimentaires\"}]},{\"@type\":\"WebSite\",\"@id\":\"https:\/\/www.avocat-bonnet.fr\/lyon-villeurbanne\/#website\",\"url\":\"https:\/\/www.avocat-bonnet.fr\/lyon-villeurbanne\/\",\"name\":\"Nicolas Bonnet - Avocat Lyon et Villeurbanne, divorce, droit m\u00e9dical, travail, litiges de la consommation...\",\"description\":\"Un cabinet d&#039;avocat d\u00e9di\u00e9 au droit des particuliers, commer\u00e7ants et petites entreprises...\",\"publisher\":{\"@id\":\"https:\/\/www.avocat-bonnet.fr\/lyon-villeurbanne\/#\/schema\/person\/53ccc962871a33e31889adc918b8794d\"},\"potentialAction\":[{\"@type\":\"SearchAction\",\"target\":{\"@type\":\"EntryPoint\",\"urlTemplate\":\"https:\/\/www.avocat-bonnet.fr\/lyon-villeurbanne\/?s={search_term_string}\"},\"query-input\":\"required name=search_term_string\"}],\"inLanguage\":\"fr-FR\"},{\"@type\":[\"Person\",\"Organization\"],\"@id\":\"https:\/\/www.avocat-bonnet.fr\/lyon-villeurbanne\/#\/schema\/person\/53ccc962871a33e31889adc918b8794d\",\"name\":\"Nicolas Bonnet\",\"logo\":{\"@id\":\"https:\/\/www.avocat-bonnet.fr\/lyon-villeurbanne\/#\/schema\/person\/image\/\"}}]}<\/script>\n<!-- \/ Yoast SEO plugin. -->","yoast_head_json":{"title":"Les pensions alimentaires - Nicolas Bonnet - Avocat Lyon et Villeurbanne, divorce, droit m\u00e9dical, travail, litiges de la consommation...","robots":{"index":"index","follow":"follow","max-snippet":"max-snippet:-1","max-image-preview":"max-image-preview:large","max-video-preview":"max-video-preview:-1"},"canonical":"https:\/\/www.avocat-bonnet.fr\/lyon-villeurbanne\/les-pensions-alimentaires\/","og_locale":"fr_FR","og_type":"article","og_title":"Les pensions alimentaires - Nicolas Bonnet - Avocat Lyon et Villeurbanne, divorce, droit m\u00e9dical, travail, litiges de la consommation...","og_description":"Il existe en premier lieu une obligation alimentaire r\u00e9ciproque entre ascendants et descendants\u00a0: &#8211; les parents doivent subvenir aux besoins de leurs enfants mineurs, voire majeurs tant que ceux-ci ne sont pas en situation de d\u2019y pourvoir eux-m\u00eames, notamment en cas de poursuite d\u2019\u00e9tudes ou de privation d\u2019emploi\u00a0; &#8211; les enfants et leurs conjoints sont [&hellip;]","og_url":"https:\/\/www.avocat-bonnet.fr\/lyon-villeurbanne\/les-pensions-alimentaires\/","og_site_name":"Nicolas Bonnet - Avocat Lyon et Villeurbanne, divorce, droit m\u00e9dical, travail, litiges de la consommation...","og_image":[{"width":300,"height":200,"url":"https:\/\/www.avocat-bonnet.fr\/lyon-villeurbanne\/wp-content\/uploads\/2018\/06\/Defaut-image.jpg","type":"image\/jpeg"}],"twitter_card":"summary_large_image","twitter_misc":{"Dur\u00e9e de lecture estim\u00e9e":"2 minutes"},"schema":{"@context":"https:\/\/schema.org","@graph":[{"@type":"WebPage","@id":"https:\/\/www.avocat-bonnet.fr\/lyon-villeurbanne\/les-pensions-alimentaires\/","url":"https:\/\/www.avocat-bonnet.fr\/lyon-villeurbanne\/les-pensions-alimentaires\/","name":"Les pensions alimentaires - Nicolas Bonnet - Avocat Lyon et Villeurbanne, divorce, droit m\u00e9dical, travail, litiges de la consommation...","isPartOf":{"@id":"https:\/\/www.avocat-bonnet.fr\/lyon-villeurbanne\/#website"},"primaryImageOfPage":{"@id":"https:\/\/www.avocat-bonnet.fr\/lyon-villeurbanne\/les-pensions-alimentaires\/#primaryimage"},"image":{"@id":"https:\/\/www.avocat-bonnet.fr\/lyon-villeurbanne\/les-pensions-alimentaires\/#primaryimage"},"thumbnailUrl":"https:\/\/www.avocat-bonnet.fr\/lyon-villeurbanne\/wp-content\/uploads\/2018\/06\/Defaut-image.jpg","datePublished":"2018-08-31T15:06:02+00:00","dateModified":"2018-08-31T15:06:02+00:00","breadcrumb":{"@id":"https:\/\/www.avocat-bonnet.fr\/lyon-villeurbanne\/les-pensions-alimentaires\/#breadcrumb"},"inLanguage":"fr-FR","potentialAction":[{"@type":"ReadAction","target":["https:\/\/www.avocat-bonnet.fr\/lyon-villeurbanne\/les-pensions-alimentaires\/"]}]},{"@type":"ImageObject","inLanguage":"fr-FR","@id":"https:\/\/www.avocat-bonnet.fr\/lyon-villeurbanne\/les-pensions-alimentaires\/#primaryimage","url":"https:\/\/www.avocat-bonnet.fr\/lyon-villeurbanne\/wp-content\/uploads\/2018\/06\/Defaut-image.jpg","contentUrl":"https:\/\/www.avocat-bonnet.fr\/lyon-villeurbanne\/wp-content\/uploads\/2018\/06\/Defaut-image.jpg","width":300,"height":200},{"@type":"BreadcrumbList","@id":"https:\/\/www.avocat-bonnet.fr\/lyon-villeurbanne\/les-pensions-alimentaires\/#breadcrumb","itemListElement":[{"@type":"ListItem","position":1,"name":"Accueil","item":"https:\/\/www.avocat-bonnet.fr\/lyon-villeurbanne\/"},{"@type":"ListItem","position":2,"name":"Les pensions alimentaires"}]},{"@type":"WebSite","@id":"https:\/\/www.avocat-bonnet.fr\/lyon-villeurbanne\/#website","url":"https:\/\/www.avocat-bonnet.fr\/lyon-villeurbanne\/","name":"Nicolas Bonnet - Avocat Lyon et Villeurbanne, divorce, droit m\u00e9dical, travail, litiges de la consommation...","description":"Un cabinet d&#039;avocat d\u00e9di\u00e9 au droit des particuliers, commer\u00e7ants et petites entreprises...","publisher":{"@id":"https:\/\/www.avocat-bonnet.fr\/lyon-villeurbanne\/#\/schema\/person\/53ccc962871a33e31889adc918b8794d"},"potentialAction":[{"@type":"SearchAction","target":{"@type":"EntryPoint","urlTemplate":"https:\/\/www.avocat-bonnet.fr\/lyon-villeurbanne\/?s={search_term_string}"},"query-input":"required name=search_term_string"}],"inLanguage":"fr-FR"},{"@type":["Person","Organization"],"@id":"https:\/\/www.avocat-bonnet.fr\/lyon-villeurbanne\/#\/schema\/person\/53ccc962871a33e31889adc918b8794d","name":"Nicolas Bonnet","logo":{"@id":"https:\/\/www.avocat-bonnet.fr\/lyon-villeurbanne\/#\/schema\/person\/image\/"}}]}},"_links":{"self":[{"href":"https:\/\/www.avocat-bonnet.fr\/lyon-villeurbanne\/wp-json\/wp\/v2\/pages\/1858"}],"collection":[{"href":"https:\/\/www.avocat-bonnet.fr\/lyon-villeurbanne\/wp-json\/wp\/v2\/pages"}],"about":[{"href":"https:\/\/www.avocat-bonnet.fr\/lyon-villeurbanne\/wp-json\/wp\/v2\/types\/page"}],"author":[{"embeddable":true,"href":"https:\/\/www.avocat-bonnet.fr\/lyon-villeurbanne\/wp-json\/wp\/v2\/users\/2"}],"replies":[{"embeddable":true,"href":"https:\/\/www.avocat-bonnet.fr\/lyon-villeurbanne\/wp-json\/wp\/v2\/comments?post=1858"}],"version-history":[{"count":0,"href":"https:\/\/www.avocat-bonnet.fr\/lyon-villeurbanne\/wp-json\/wp\/v2\/pages\/1858\/revisions"}],"wp:featuredmedia":[{"embeddable":true,"href":"https:\/\/www.avocat-bonnet.fr\/lyon-villeurbanne\/wp-json\/wp\/v2\/media\/1562"}],"wp:attachment":[{"href":"https:\/\/www.avocat-bonnet.fr\/lyon-villeurbanne\/wp-json\/wp\/v2\/media?parent=1858"}],"curies":[{"name":"wp","href":"https:\/\/api.w.org\/{rel}","templated":true}]}}

<p>Il existe en premier lieu une obligation alimentaire réciproque <strong>entre ascendants et descendants :</strong><br />
&#8211; les parents doivent subvenir aux besoins de leurs enfants mineurs, voire majeurs tant que ceux-ci ne sont pas en situation de d’y pourvoir eux-mêmes, notamment en cas de poursuite d’études ou de privation d’emploi ;<br />
&#8211; les enfants et leurs conjoints sont tenus de contribuer aux besoins de leurs parents si ceux-ci, notamment lors de leur retraite, se trouvent démunis.</p>
<p>S&rsquo;agissant de la fixation de la pension alimentaire d&rsquo;un parent pour ses enfants (ou contribution du père/de la mère à l&rsquo;entretien et l&rsquo;éducation des enfants), les juges utilisent un barème indicatif, qui est fonction des revenus du débiteur, du nombre d&rsquo;enfants et du mode de garde.</p>
<p><strong>Les époux sont également tenus entre eux</strong> à une obligation alimentaire au titre du devoir de secours attaché au mariage ; cette obligation se traduit :<br />
&#8211; pendant la procédure de divorce – hors divorce par consentement mutuel – par l’éventuelle fixation d’une pension alimentaire au profit de l’époux dont les ressources sont les moins importantes,<br />
&#8211; à compter du prononcé du divorce, par la fixation éventuelle – dans le divorce par consentement mutuel par la convention qui règle les effets du divorce – d’une prestation compensatoire, destinée à compenser la disparité de niveaux de vie entre les époux engendrée par le divorce, cette prestation prenant en principe la forme d’un capital.</p>
<p>Les pensions alimentaires sont fixées par le juge aux affaires familiales en tenant compte des besoins du bénéficiaire et des ressources du débiteur, indexées sur l’indice du coût de la vie, et révisables en cas de changement important de la situation du bénéficiaire ou de celle du débiteur.</p>

<p>Il existe en premier lieu une obligation alimentaire réciproque entre ascendants et descendants : &#8211; les parents doivent subvenir aux besoins de leurs enfants mineurs, voire majeurs tant que ceux-ci ne sont pas en situation de d’y pourvoir eux-mêmes, notamment en cas de poursuite d’études ou de privation d’emploi ; &#8211; les enfants et leurs conjoints sont [&hellip;]</p>

<!-- This site is optimized with the Yoast SEO plugin v22.3 - https://yoast.com/wordpress/plugins/seo/ -->
<title>Les pensions alimentaires - Nicolas Bonnet - Avocat Lyon et Villeurbanne, divorce, droit médical, travail, litiges de la consommation...</title>
<meta name="robots" content="index, follow, max-snippet:-1, max-image-preview:large, max-video-preview:-1" />
<link rel="canonical" href="https://www.avocat-bonnet.fr/lyon-villeurbanne/les-pensions-alimentaires/" />
<meta property="og:locale" content="fr_FR" />
<meta property="og:type" content="article" />
<meta property="og:title" content="Les pensions alimentaires - Nicolas Bonnet - Avocat Lyon et Villeurbanne, divorce, droit médical, travail, litiges de la consommation..." />
<meta property="og:description" content="Il existe en premier lieu une obligation alimentaire réciproque entre ascendants et descendants : &#8211; les parents doivent subvenir aux besoins de leurs enfants mineurs, voire majeurs tant que ceux-ci ne sont pas en situation de d’y pourvoir eux-mêmes, notamment en cas de poursuite d’études ou de privation d’emploi ; &#8211; les enfants et leurs conjoints sont [&hellip;]" />
<meta property="og:url" content="https://www.avocat-bonnet.fr/lyon-villeurbanne/les-pensions-alimentaires/" />
<meta property="og:site_name" content="Nicolas Bonnet - Avocat Lyon et Villeurbanne, divorce, droit médical, travail, litiges de la consommation..." />
<meta property="og:image" content="https://www.avocat-bonnet.fr/lyon-villeurbanne/wp-content/uploads/2018/06/Defaut-image.jpg" />
	<meta property="og:image:width" content="300" />
	<meta property="og:image:height" content="200" />
	<meta property="og:image:type" content="image/jpeg" />
<meta name="twitter:card" content="summary_large_image" />
<meta name="twitter:label1" content="Durée de lecture estimée" />
	<meta name="twitter:data1" content="2 minutes" />
<script type="application/ld+json" class="yoast-schema-graph">{"@context":"https://schema.org","@graph":[{"@type":"WebPage","@id":"https://www.avocat-bonnet.fr/lyon-villeurbanne/les-pensions-alimentaires/","url":"https://www.avocat-bonnet.fr/lyon-villeurbanne/les-pensions-alimentaires/","name":"Les pensions alimentaires - Nicolas Bonnet - Avocat Lyon et Villeurbanne, divorce, droit médical, travail, litiges de la consommation...","isPartOf":{"@id":"https://www.avocat-bonnet.fr/lyon-villeurbanne/#website"},"primaryImageOfPage":{"@id":"https://www.avocat-bonnet.fr/lyon-villeurbanne/les-pensions-alimentaires/#primaryimage"},"image":{"@id":"https://www.avocat-bonnet.fr/lyon-villeurbanne/les-pensions-alimentaires/#primaryimage"},"thumbnailUrl":"https://www.avocat-bonnet.fr/lyon-villeurbanne/wp-content/uploads/2018/06/Defaut-image.jpg","datePublished":"2018-08-31T15:06:02+00:00","dateModified":"2018-08-31T15:06:02+00:00","breadcrumb":{"@id":"https://www.avocat-bonnet.fr/lyon-villeurbanne/les-pensions-alimentaires/#breadcrumb"},"inLanguage":"fr-FR","potentialAction":[{"@type":"ReadAction","target":["https://www.avocat-bonnet.fr/lyon-villeurbanne/les-pensions-alimentaires/"]}]},{"@type":"ImageObject","inLanguage":"fr-FR","@id":"https://www.avocat-bonnet.fr/lyon-villeurbanne/les-pensions-alimentaires/#primaryimage","url":"https://www.avocat-bonnet.fr/lyon-villeurbanne/wp-content/uploads/2018/06/Defaut-image.jpg","contentUrl":"https://www.avocat-bonnet.fr/lyon-villeurbanne/wp-content/uploads/2018/06/Defaut-image.jpg","width":300,"height":200},{"@type":"BreadcrumbList","@id":"https://www.avocat-bonnet.fr/lyon-villeurbanne/les-pensions-alimentaires/#breadcrumb","itemListElement":[{"@type":"ListItem","position":1,"name":"Accueil","item":"https://www.avocat-bonnet.fr/lyon-villeurbanne/"},{"@type":"ListItem","position":2,"name":"Les pensions alimentaires"}]},{"@type":"WebSite","@id":"https://www.avocat-bonnet.fr/lyon-villeurbanne/#website","url":"https://www.avocat-bonnet.fr/lyon-villeurbanne/","name":"Nicolas Bonnet - Avocat Lyon et Villeurbanne, divorce, droit médical, travail, litiges de la consommation...","description":"Un cabinet d&#039;avocat dédié au droit des particuliers, commerçants et petites entreprises...","publisher":{"@id":"https://www.avocat-bonnet.fr/lyon-villeurbanne/#/schema/person/53ccc962871a33e31889adc918b8794d"},"potentialAction":[{"@type":"SearchAction","target":{"@type":"EntryPoint","urlTemplate":"https://www.avocat-bonnet.fr/lyon-villeurbanne/?s={search_term_string}"},"query-input":"required name=search_term_string"}],"inLanguage":"fr-FR"},{"@type":["Person","Organization"],"@id":"https://www.avocat-bonnet.fr/lyon-villeurbanne/#/schema/person/53ccc962871a33e31889adc918b8794d","name":"Nicolas Bonnet","logo":{"@id":"https://www.avocat-bonnet.fr/lyon-villeurbanne/#/schema/person/image/"}}]}</script>
<!-- / Yoast SEO plugin. -->

Les pensions alimentaires - Nicolas Bonnet - Avocat Lyon et Villeurbanne, divorce, droit médical, travail, litiges de la consommation...

Il existe en premier lieu une obligation alimentaire réciproque entre ascendants et descendants : &#8211; les parents doivent subvenir aux besoins de leurs enfants mineurs, voire majeurs tant que ceux-ci ne sont pas en situation de d’y pourvoir eux-mêmes, notamment en cas de poursuite d’études ou de privation d’emploi ; &#8211; les enfants et leurs conjoints sont [&hellip;]

Nicolas Bonnet - Avocat Lyon et Villeurbanne, divorce, droit médical, travail, litiges de la consommation...

Un cabinet d&#039;avocat dédié au droit des particuliers, commerçants et petites entreprises...
